{"id":6718,"date":"2021-05-13T15:49:27","date_gmt":"2021-05-13T13:49:27","guid":{"rendered":"https:\/\/quintett.ro\/?post_type=product&#038;p=6718"},"modified":"2026-03-04T14:34:21","modified_gmt":"2026-03-04T12:34:21","slug":"clavia-nord-piano-5-88","status":"publish","type":"product","link":"https:\/\/quintett.ro\/?product=clavia-nord-piano-5-88","title":{"rendered":"Clavia Nord Lead A1"},"content":{"rendered":"<p><strong>Specificatii :<\/strong><\/p>\n<div id=\"properties\" class=\"line\">\n<ul>\n<li>\n<h2 class=\"fx-headline fx-headline--3 fx-space-bottom--m\">Sintetizator cu 49 de clape \u0219i generator de sunet cu modelare analogic\u0103<\/h2>\n<ul class=\"fx-list product-text__list\">\n<li class=\"fx-list__item list-item fx-list__item--circle\"><span class=\"fx-text fx-text--plus list-item__text\">Clape sensibile la vitez\u0103 cu schimbare de octav\u0103 +\/- 2 octave<\/span><\/li>\n<li class=\"fx-list__item list-item fx-list__item--circle\"><span class=\"fx-text fx-text--plus list-item__text\">Motor sintetizator cu procesare \u00een virgul\u0103 mobil\u0103 la 96 kHz \u0219i 32 bi\u021bi<\/span><\/li>\n<li class=\"fx-list__item list-item fx-list__item--circle\"><span class=\"fx-text fx-text--plus list-item__text\">Polifonie pe 24 de voci<\/span><\/li>\n<li class=\"fx-list__item list-item fx-list__item--circle\"><span class=\"fx-text fx-text--plus list-item__text\">4 p\u0103r\u021bi multi-tembrale<\/span><\/li>\n<li class=\"fx-list__item list-item fx-list__item--circle\"><span class=\"fx-text fx-text--plus list-item__text\">Tastatur\u0103 separat\u0103 cu 2 sloturi pentru sec\u021biunea superioar\u0103 \u0219i inferioar\u0103<\/span><\/li>\n<li class=\"fx-list__item list-item fx-list__item--circle\"><span class=\"fx-text fx-text--plus list-item__text\">Roat\u0103 de modula\u021bie<\/span><\/li>\n<li class=\"fx-list__item list-item fx-list__item--circle\"><span class=\"fx-text fx-text--plus list-item__text\">Stick de reglare a tonalit\u0103\u021bii cu interval programabil de +\/- 4 octave<\/span><\/li>\n<li class=\"fx-list__item list-item fx-list__item--circle\"><span class=\"fx-text fx-text--plus list-item__text\">Oscilatoare: Pitch, detune, shape, sync, on, noise, sub mix, fm, forme de und\u0103 analogice \u0219i digitale tradi\u021bionale<\/span><\/li>\n<li class=\"fx-list__item list-item fx-list__item--circle\"><span class=\"fx-text fx-text--plus list-item__text\">Unison<\/span><\/li>\n<li class=\"fx-list__item list-item fx-list__item--circle\"><span class=\"fx-text fx-text--plus list-item__text\">Modula\u021bie: LFO cu anvelop\u0103 modulatoare cu 5 forme de und\u0103, LFO ca anvelop\u0103 modulatoare suplimentar\u0103<\/span><\/li>\n<li class=\"fx-list__item list-item fx-list__item--circle\"><span class=\"fx-text fx-text--plus list-item__text\">Filtru: filtru trece-jos 12 x 24 dB, filtru trece-sus \u0219i filtru trece-band\u0103<\/span><\/li>\n<li class=\"fx-list__item list-item fx-list__item--circle\"><span class=\"fx-text fx-text--plus list-item__text\">Simulare filtru \u201eladder\u201d cu tranzistori \u0219i diode<\/span><\/li>\n<li class=\"fx-list__item list-item fx-list__item--circle\"><span class=\"fx-text fx-text--plus list-item__text\">Efecte: Ansamblu, Chorus, Phaser, Flanger, modulator inelar \u0219i Drive<\/span><\/li>\n<li class=\"fx-list__item list-item fx-list__item--circle\"><span class=\"fx-text fx-text--plus list-item__text\">Performan\u021b\u0103: Sincronizarea ceasului principal cu arpegiatorul<\/span><\/li>\n<li class=\"fx-list__item list-item fx-list__item--circle\"><span class=\"fx-text fx-text--plus list-item__text\">LFO \u0219i Delay<\/span><\/li>\n<li class=\"fx-list__item list-item fx-list__item--circle\"><span class=\"fx-text fx-text--plus list-item__text\">Morph de vitez\u0103 \u0219i modula\u021bie<\/span><\/li>\n<li class=\"fx-list__item list-item fx-list__item--circle\"><span class=\"fx-text fx-text--plus list-item__text\">USB MIDI<\/span><\/li>\n<li class=\"fx-list__item list-item fx-list__item--circle\"><span class=\"fx-text fx-text--plus list-item__text\">Caracteristici suplimentare: Mutator<\/span><\/li>\n<li class=\"fx-list__item list-item fx-list__item--circle\"><span class=\"fx-text fx-text--plus list-item__text\">Butonul Apreciaz\u0103<\/span><\/li>\n<li class=\"fx-list__item list-item fx-list__item--circle\"><span class=\"fx-text fx-text--plus list-item__text\">Mod unison \u201eExtra gr\u0103sime\u201d<\/span><\/li>\n<li class=\"fx-list__item list-item fx-list__item--circle\"><span class=\"fx-text fx-text--plus list-item__text\">1 intrare pedal\u0103 pentru sustain<\/span><\/li>\n<li class=\"fx-list__item list-item fx-list__item--circle\"><span class=\"fx-text fx-text--plus list-item__text\">1 intrare pedal\u0103 pentru expresie<\/span><\/li>\n<li class=\"fx-list__item list-item fx-list__item--circle\"><span class=\"fx-text fx-text--plus list-item__text\">4 ie\u0219iri Jack de 6,3 mm<\/span><\/li>\n<li class=\"fx-list__item list-item fx-list__item--circle\"><span class=\"fx-text fx-text--plus list-item__text\">1 ie\u0219ire pentru c\u0103\u0219ti cu jack de 6,3 mm<\/span><\/li>\n<li class=\"fx-list__item list-item fx-list__item--circle\"><span class=\"fx-text fx-text--plus list-item__text\">Intrare \u0219i ie\u0219ire MIDI<\/span><\/li>\n<li class=\"fx-list__item list-item fx-list__item--circle\"><span class=\"fx-text fx-text--plus list-item__text\">Port USB<\/span><\/li>\n<li class=\"fx-list__item list-item fx-list__item--circle\"><span class=\"fx-text fx-text--plus list-item__text\">Dimensiuni (L x \u00ce x A): 802 x 92 x 260 mm<\/span><\/li>\n<li class=\"fx-list__item list-item fx-list__item--circle\"><span class=\"fx-text fx-text--plus list-item__text\">Greutate: 4,85 kg<\/span>S<\/li>\n<\/ul>\n<\/li>\n<\/ul>\n<\/div>\n","protected":false},"excerpt":{"rendered":"<p>Nord Lead A 1, un sintetizator cu modelare analogic\u0103, cu un sunet uimitor \u0219i un panou frontal extrem de puternic pentru utilizarea \u00een timp real a tuturor parametrilor. Ideal pentru toate genurile muzicale. Interfa\u021ba sa atent conceput\u0103 \u00eencurajeaz\u0103 experimentarea \u0219i permite ob\u021binerea unor rezultate sonore impresionante.<\/p>\n","protected":false},"featured_media":13689,"comment_status":"open","ping_status":"closed","template":"","meta":[],"product_brand":[],"product_cat":[24,42],"product_tag":[1241,1302,1240,749,147,1045,339,1613,1614,162,750,338],"class_list":{"0":"post-6718","1":"product","2":"type-product","3":"status-publish","4":"has-post-thumbnail","6":"product_cat-piane-digitale","7":"product_cat-promotii","8":"product_tag-clavia-nord-piano","9":"product_tag-clavia-nord-piano-6-73","10":"product_tag-clavia-nord-stage","11":"product_tag-clavia-nord-stage-4-73","12":"product_tag-nord-piano","13":"product_tag-nord-piano-5-73","14":"product_tag-nord-piano-5-88","15":"product_tag-nord-piano-6","16":"product_tag-nord-piano-6-88","17":"product_tag-nord-stage","18":"product_tag-nord-stage-4-88","19":"product_tag-piano-5","20":"product_shipping_class-pachete-grele","22":"first","23":"instock","24":"sale","25":"purchasable","26":"product-type-simple"},"jetpack_sharing_enabled":true,"_links":{"self":[{"href":"https:\/\/quintett.ro\/index.php?rest_route=\/wp\/v2\/product\/6718","targetHints":{"allow":["GET"]}}],"collection":[{"href":"https:\/\/quintett.ro\/index.php?rest_route=\/wp\/v2\/product"}],"about":[{"href":"https:\/\/quintett.ro\/index.php?rest_route=\/wp\/v2\/types\/product"}],"replies":[{"embeddable":true,"href":"https:\/\/quintett.ro\/index.php?rest_route=%2Fwp%2Fv2%2Fcomments&post=6718"}],"wp:featuredmedia":[{"embeddable":true,"href":"https:\/\/quintett.ro\/index.php?rest_route=\/wp\/v2\/media\/13689"}],"wp:attachment":[{"href":"https:\/\/quintett.ro\/index.php?rest_route=%2Fwp%2Fv2%2Fmedia&parent=6718"}],"wp:term":[{"taxonomy":"product_brand","embeddable":true,"href":"https:\/\/quintett.ro\/index.php?rest_route=%2Fwp%2Fv2%2Fproduct_brand&post=6718"},{"taxonomy":"product_cat","embeddable":true,"href":"https:\/\/quintett.ro\/index.php?rest_route=%2Fwp%2Fv2%2Fproduct_cat&post=6718"},{"taxonomy":"product_tag","embeddable":true,"href":"https:\/\/quintett.ro\/index.php?rest_route=%2Fwp%2Fv2%2Fproduct_tag&post=6718"}],"curies":[{"name":"wp","href":"https:\/\/api.w.org\/{rel}","templated":true}]}}