{"id":14003,"date":"2026-05-08T16:23:13","date_gmt":"2026-05-08T14:23:13","guid":{"rendered":"https:\/\/quintett.ro\/?post_type=product&#038;p=14003"},"modified":"2026-05-08T16:24:54","modified_gmt":"2026-05-08T14:24:54","slug":"global-truss-multi-base-plate-450x450x5mm","status":"publish","type":"product","link":"https:\/\/quintett.ro\/?product=global-truss-multi-base-plate-450x450x5mm","title":{"rendered":"Global Truss Multi Base Plate 450x450x5mm"},"content":{"rendered":"<div class=\"st_read_more_box\">\n<div class=\"st_read_more_box\">\n<p>Base plate\/talpa din otel\u00a0Global Truss Multi Base Plate 45&#215;45 cm<\/p>\n<ul>\n<li>baseplate\u00a0pentru schela<\/li>\n<li>dimensiune\u00a045 x 45 cm<\/li>\n<li>material: otel<\/li>\n<li>poate fi echipat cu jum\u0103tate de conuri pentru sistemele de bare F22 &#8211; F24 \u0219i F32 &#8211; F34<\/li>\n<li>Material: o\u021bel<\/li>\n<li>Greutate:\u00a07,8 kg<\/li>\n<li>Culoare: Negru<\/li>\n<li>ATENTIE: conectorii se comercializeaza separat<\/li>\n<\/ul>\n<\/div>\n<\/div>\n","protected":false},"excerpt":{"rendered":"<p>Global Truss este un produc\u0103tor de frunte din Germania \u0219i este cunoscut \u00een special \u00een industria evenimentelor pentru produse de \u00eenalt\u0103 calitate. Etapele complete sunt indispensabile la evenimentele mari \u0219i sunt potrivite pentru utilizare \u00een interior \u0219i exterior. Datorit\u0103 diferitelor elemente accesorii, etapele pot fi completate cu module suplimentare \u00een orice moment \u0219i adaptate \u00een mod ideal nevoilor individuale.<\/p>\n<div class=\"st_read_more_box\">\n<p>Base plate\/talpa din otel\u00a0Global Truss Multi Base Plate 45&#215;45 cm<\/p>\n<ul>\n<li>baseplate\u00a0pentru schela<\/li>\n<li>dimensiune\u00a045 x 45 cm<\/li>\n<li>material: otel<\/li>\n<li>poate fi echipat cu jum\u0103tate de conuri pentru sistemele de bare F22 &#8211; F24 \u0219i F32 &#8211; F34<\/li>\n<li>Material: o\u021bel<\/li>\n<li>Greutate:\u00a07,8 kg<\/li>\n<li>Culoare: Negru<\/li>\n<li>ATENTIE: conectorii se comercializeaza separat<\/li>\n<\/ul>\n<\/div>\n<p>&nbsp;<\/p>\n","protected":false},"featured_media":0,"comment_status":"open","ping_status":"closed","template":"","meta":[],"product_brand":[],"product_cat":[183],"product_tag":[569,1681,1549,1548,546,1680,1684,1677,570,568,1052,1034,1032,1033,429,1035,1054,1551,1552,1555,1554,1553,1676,1550],"class_list":{"0":"post-14003","1":"product","2":"type-product","3":"status-publish","5":"product_cat-traverse-truss","6":"product_tag-2x1","7":"product_tag-base-plate","8":"product_tag-clamp","9":"product_tag-clema-picioare","10":"product_tag-global-truss","11":"product_tag-global-truss-cc50403-base-plate-steel-600mm","12":"product_tag-global-truss-multi-base-plate-450x450x5mm","13":"product_tag-global-truss-speaker-mount","14":"product_tag-platforma-scena","15":"product_tag-podeste","16":"product_tag-podina-scena","17":"product_tag-podium-4x3","18":"product_tag-podium-6x4","19":"product_tag-podium-8x6","20":"product_tag-podium-scena","21":"product_tag-podium-scena-5x4","22":"product_tag-scena-mobila","23":"product_tag-set-picioare","24":"product_tag-set-picioare-60-100","25":"product_tag-set-picioare-scena-100-180","26":"product_tag-set-picioare-scena-40-60","27":"product_tag-set-picioare-scena-80-140","28":"product_tag-suport-boxe","29":"product_tag-suport-prindere","31":"first","32":"instock","33":"sale","34":"purchasable","35":"product-type-simple"},"jetpack_sharing_enabled":true,"_links":{"self":[{"href":"https:\/\/quintett.ro\/index.php?rest_route=\/wp\/v2\/product\/14003","targetHints":{"allow":["GET"]}}],"collection":[{"href":"https:\/\/quintett.ro\/index.php?rest_route=\/wp\/v2\/product"}],"about":[{"href":"https:\/\/quintett.ro\/index.php?rest_route=\/wp\/v2\/types\/product"}],"replies":[{"embeddable":true,"href":"https:\/\/quintett.ro\/index.php?rest_route=%2Fwp%2Fv2%2Fcomments&post=14003"}],"wp:attachment":[{"href":"https:\/\/quintett.ro\/index.php?rest_route=%2Fwp%2Fv2%2Fmedia&parent=14003"}],"wp:term":[{"taxonomy":"product_brand","embeddable":true,"href":"https:\/\/quintett.ro\/index.php?rest_route=%2Fwp%2Fv2%2Fproduct_brand&post=14003"},{"taxonomy":"product_cat","embeddable":true,"href":"https:\/\/quintett.ro\/index.php?rest_route=%2Fwp%2Fv2%2Fproduct_cat&post=14003"},{"taxonomy":"product_tag","embeddable":true,"href":"https:\/\/quintett.ro\/index.php?rest_route=%2Fwp%2Fv2%2Fproduct_tag&post=14003"}],"curies":[{"name":"wp","href":"https:\/\/api.w.org\/{rel}","templated":true}]}}