{"id":14002,"date":"2026-05-08T16:17:35","date_gmt":"2026-05-08T14:17:35","guid":{"rendered":"https:\/\/quintett.ro\/?post_type=product&#038;p=14002"},"modified":"2026-05-08T16:21:17","modified_gmt":"2026-05-08T14:21:17","slug":"global-truss-5034-b-half-coupler-w-half-cone","status":"publish","type":"product","link":"https:\/\/quintett.ro\/?product=global-truss-5034-b-half-coupler-w-half-cone","title":{"rendered":"Global Truss 5034-B Half Coupler w. Half Cone"},"content":{"rendered":"<div class=\"st_read_more_box\">\n<div class=\"text-translated js-prod-text-translation\" data-translated=\"true\">\n<p>Cupla Global Truss 5034-B Half Coupler w. half Con.<\/p>\n<ul>\n<li>clema de prindere pentru lumini, scela<\/li>\n<\/ul>\n<ul>\n<li>pentru schele cu dimensiuni: 48 &#8211; 51 mm<\/li>\n<li>sarcina maxima suportata 500 kg\n<div class=\"text-translated js-prod-text-translation\" data-translated=\"true\">\n<ul class=\"fx-list product-text__list\">\n<li class=\"fx-list__item list-item fx-list__item--circle\" style=\"list-style-type: none;\"><\/li>\n<\/ul>\n<\/div>\n<\/li>\n<\/ul>\n<\/div>\n<\/div>\n","protected":false},"excerpt":{"rendered":"<p>Global Truss este un produc\u0103tor de frunte din Germania \u0219i este cunoscut \u00een special \u00een industria evenimentelor pentru produse de \u00eenalt\u0103 calitate. Etapele complete sunt indispensabile la evenimentele mari \u0219i sunt potrivite pentru utilizare \u00een interior \u0219i exterior. Datorit\u0103 diferitelor elemente accesorii, etapele pot fi completate cu module suplimentare \u00een orice moment \u0219i adaptate \u00een mod ideal nevoilor individuale.<\/p>\n<p><span class=\"fx-text fx-text--plus list-item__text\">Semicupl\u0103 cu conector semiconic (conector rapid) pentru \u021bevi de 48-51 mm<\/span><\/p>\n<p>&nbsp;<\/p>\n","protected":false},"featured_media":0,"comment_status":"open","ping_status":"closed","template":"","meta":[],"product_brand":[],"product_cat":[183],"product_tag":[569,1683,1558,1681,1549,1548,546,1680,1682,1677,570,568,1052,1034,1032,1033,429,1035,1054,1551,1552,1555,1554,1553,1676,1550],"class_list":{"0":"post-14002","1":"product","2":"type-product","3":"status-publish","5":"product_cat-traverse-truss","6":"product_tag-2x1","7":"product_tag-5034-half-cone","8":"product_tag-5073-3-selflock-light","9":"product_tag-base-plate","10":"product_tag-clamp","11":"product_tag-clema-picioare","12":"product_tag-global-truss","13":"product_tag-global-truss-cc50403-base-plate-steel-600mm","14":"product_tag-global-truss-f34baseml-base-plate","15":"product_tag-global-truss-speaker-mount","16":"product_tag-platforma-scena","17":"product_tag-podeste","18":"product_tag-podina-scena","19":"product_tag-podium-4x3","20":"product_tag-podium-6x4","21":"product_tag-podium-8x6","22":"product_tag-podium-scena","23":"product_tag-podium-scena-5x4","24":"product_tag-scena-mobila","25":"product_tag-set-picioare","26":"product_tag-set-picioare-60-100","27":"product_tag-set-picioare-scena-100-180","28":"product_tag-set-picioare-scena-40-60","29":"product_tag-set-picioare-scena-80-140","30":"product_tag-suport-boxe","31":"product_tag-suport-prindere","33":"first","34":"instock","35":"sale","36":"purchasable","37":"product-type-simple"},"jetpack_sharing_enabled":true,"_links":{"self":[{"href":"https:\/\/quintett.ro\/index.php?rest_route=\/wp\/v2\/product\/14002","targetHints":{"allow":["GET"]}}],"collection":[{"href":"https:\/\/quintett.ro\/index.php?rest_route=\/wp\/v2\/product"}],"about":[{"href":"https:\/\/quintett.ro\/index.php?rest_route=\/wp\/v2\/types\/product"}],"replies":[{"embeddable":true,"href":"https:\/\/quintett.ro\/index.php?rest_route=%2Fwp%2Fv2%2Fcomments&post=14002"}],"wp:attachment":[{"href":"https:\/\/quintett.ro\/index.php?rest_route=%2Fwp%2Fv2%2Fmedia&parent=14002"}],"wp:term":[{"taxonomy":"product_brand","embeddable":true,"href":"https:\/\/quintett.ro\/index.php?rest_route=%2Fwp%2Fv2%2Fproduct_brand&post=14002"},{"taxonomy":"product_cat","embeddable":true,"href":"https:\/\/quintett.ro\/index.php?rest_route=%2Fwp%2Fv2%2Fproduct_cat&post=14002"},{"taxonomy":"product_tag","embeddable":true,"href":"https:\/\/quintett.ro\/index.php?rest_route=%2Fwp%2Fv2%2Fproduct_tag&post=14002"}],"curies":[{"name":"wp","href":"https:\/\/api.w.org\/{rel}","templated":true}]}}