{"id":13999,"date":"2026-05-08T15:56:43","date_gmt":"2026-05-08T13:56:43","guid":{"rendered":"https:\/\/quintett.ro\/?post_type=product&#038;p=13999"},"modified":"2026-05-08T15:58:22","modified_gmt":"2026-05-08T13:58:22","slug":"global-truss-f34baseml-b-base-plate-black","status":"publish","type":"product","link":"https:\/\/quintett.ro\/?product=global-truss-f34baseml-b-base-plate-black","title":{"rendered":"Global Truss F34BASEML-B Base Plate Black"},"content":{"rendered":"<div class=\"st_read_more_box\">\n<div class=\"text-translated js-prod-text-translation\" data-translated=\"true\">\n<h2 class=\"fx-headline fx-headline--3 fx-space-bottom--m\">Baseplate \/ talpa \u00een 4 puncte pentru F34 \/ F34P<\/h2>\n<ul class=\"fx-list product-text__list\">\n<li class=\"fx-list__item list-item fx-list__item--circle\"><span class=\"fx-text fx-text--plus list-item__text\">Distan\u021b\u0103 \u00eentre \u021bevi 29 cm (exterior)<\/span><\/li>\n<li class=\"fx-list__item list-item fx-list__item--circle\"><span class=\"fx-text fx-text--plus list-item__text\">Cu set de conectori semiconici (conector rapid)<\/span><\/li>\n<li class=\"fx-list__item list-item fx-list__item--circle\"><span class=\"fx-text fx-text--plus list-item__text\">Folosit \u00een principal ca pies\u0103 de cap\u0103t a unui turn cu structur\u0103 de tip truss<\/span><\/li>\n<li class=\"fx-list__item list-item fx-list__item--circle\"><span class=\"fx-text fx-text--plus list-item__text\">Toate capetele mobile standard pot fi ata\u0219ate direct la placa de baz\u0103 datorit\u0103 fantelor frezate existente<\/span><\/li>\n<li class=\"fx-list__item list-item fx-list__item--circle\"><span class=\"fx-text fx-text--plus list-item__text\">Testat conform: DIN EN 13814:2004<\/span><\/li>\n<li class=\"fx-list__item list-item fx-list__item--circle\"><span class=\"fx-text fx-text--plus list-item__text\">Sistem: F34 \/ F34P<\/span><\/li>\n<li class=\"fx-list__item list-item fx-list__item--circle\"><span class=\"fx-text fx-text--plus list-item__text\">Material: Aluminiu 6061 T6<\/span><\/li>\n<li class=\"fx-list__item list-item fx-list__item--circle\"><span class=\"fx-text fx-text--plus list-item__text\">Dimensiuni: 300 x 300 mm<\/span><\/li>\n<li class=\"fx-list__item list-item fx-list__item--circle\"><span class=\"fx-text fx-text--plus list-item__text\">Greutate: 1,0 kg<\/span><\/li>\n<li class=\"fx-list__item list-item fx-list__item--circle\"><span class=\"fx-text fx-text--plus list-item__text\">Culoare: Neagra<\/span><\/li>\n<\/ul>\n<\/div>\n<\/div>\n","protected":false},"excerpt":{"rendered":"<p>Global Truss este un produc\u0103tor de frunte din Germania \u0219i este cunoscut \u00een special \u00een industria evenimentelor pentru produse de \u00eenalt\u0103 calitate. Etapele complete sunt indispensabile la evenimentele mari \u0219i sunt potrivite pentru utilizare \u00een interior \u0219i exterior. Datorit\u0103 diferitelor elemente accesorii, etapele pot fi completate cu module suplimentare \u00een orice moment \u0219i adaptate \u00een mod ideal nevoilor individuale.<\/p>\n<h2 class=\"fx-headline fx-headline--3 fx-space-bottom--m\">Baseplate \/ talpa \u00een 4 puncte pentru F34 \/ F34P<\/h2>\n<ul class=\"fx-list product-text__list\">\n<li class=\"fx-list__item list-item fx-list__item--circle\"><span class=\"fx-text fx-text--plus list-item__text\">Distan\u021b\u0103 \u00eentre \u021bevi 29 cm (exterior)<\/span><\/li>\n<li class=\"fx-list__item list-item fx-list__item--circle\"><span class=\"fx-text fx-text--plus list-item__text\">Cu set de conectori semiconici (conector rapid)<\/span><\/li>\n<li class=\"fx-list__item list-item fx-list__item--circle\"><span class=\"fx-text fx-text--plus list-item__text\">Folosit \u00een principal ca pies\u0103 de cap\u0103t a unui turn cu structur\u0103 de tip truss<\/span><\/li>\n<li class=\"fx-list__item list-item fx-list__item--circle\"><span class=\"fx-text fx-text--plus list-item__text\">Toate capetele mobile standard pot fi ata\u0219ate direct la placa de baz\u0103 datorit\u0103 fantelor frezate existente<\/span><\/li>\n<li class=\"fx-list__item list-item fx-list__item--circle\"><span class=\"fx-text fx-text--plus list-item__text\">Testat conform: DIN EN 13814:2004<\/span><\/li>\n<li class=\"fx-list__item list-item fx-list__item--circle\"><span class=\"fx-text fx-text--plus list-item__text\">Sistem: F34 \/ F34P<\/span><\/li>\n<li class=\"fx-list__item list-item fx-list__item--circle\"><span class=\"fx-text fx-text--plus list-item__text\">Material: Aluminiu 6061 T6<\/span><\/li>\n<li class=\"fx-list__item list-item fx-list__item--circle\"><span class=\"fx-text fx-text--plus list-item__text\">Dimensiuni: 300 x 300 mm<\/span><\/li>\n<li class=\"fx-list__item list-item fx-list__item--circle\"><span class=\"fx-text fx-text--plus list-item__text\">Greutate: 1,0 kg<\/span><\/li>\n<li class=\"fx-list__item list-item fx-list__item--circle\"><span class=\"fx-text fx-text--plus list-item__text\">Culoare: Neagra<\/span><\/li>\n<\/ul>\n<p>&nbsp;<\/p>\n","protected":false},"featured_media":0,"comment_status":"open","ping_status":"closed","template":"","meta":[],"product_brand":[],"product_cat":[183],"product_tag":[569,1681,1549,1548,546,1680,1682,1677,570,568,1052,1034,1032,1033,429,1035,1054,1551,1552,1555,1554,1553,1676,1550],"class_list":{"0":"post-13999","1":"product","2":"type-product","3":"status-publish","5":"product_cat-traverse-truss","6":"product_tag-2x1","7":"product_tag-base-plate","8":"product_tag-clamp","9":"product_tag-clema-picioare","10":"product_tag-global-truss","11":"product_tag-global-truss-cc50403-base-plate-steel-600mm","12":"product_tag-global-truss-f34baseml-base-plate","13":"product_tag-global-truss-speaker-mount","14":"product_tag-platforma-scena","15":"product_tag-podeste","16":"product_tag-podina-scena","17":"product_tag-podium-4x3","18":"product_tag-podium-6x4","19":"product_tag-podium-8x6","20":"product_tag-podium-scena","21":"product_tag-podium-scena-5x4","22":"product_tag-scena-mobila","23":"product_tag-set-picioare","24":"product_tag-set-picioare-60-100","25":"product_tag-set-picioare-scena-100-180","26":"product_tag-set-picioare-scena-40-60","27":"product_tag-set-picioare-scena-80-140","28":"product_tag-suport-boxe","29":"product_tag-suport-prindere","31":"first","32":"instock","33":"sale","34":"purchasable","35":"product-type-simple"},"jetpack_sharing_enabled":true,"_links":{"self":[{"href":"https:\/\/quintett.ro\/index.php?rest_route=\/wp\/v2\/product\/13999","targetHints":{"allow":["GET"]}}],"collection":[{"href":"https:\/\/quintett.ro\/index.php?rest_route=\/wp\/v2\/product"}],"about":[{"href":"https:\/\/quintett.ro\/index.php?rest_route=\/wp\/v2\/types\/product"}],"replies":[{"embeddable":true,"href":"https:\/\/quintett.ro\/index.php?rest_route=%2Fwp%2Fv2%2Fcomments&post=13999"}],"wp:attachment":[{"href":"https:\/\/quintett.ro\/index.php?rest_route=%2Fwp%2Fv2%2Fmedia&parent=13999"}],"wp:term":[{"taxonomy":"product_brand","embeddable":true,"href":"https:\/\/quintett.ro\/index.php?rest_route=%2Fwp%2Fv2%2Fproduct_brand&post=13999"},{"taxonomy":"product_cat","embeddable":true,"href":"https:\/\/quintett.ro\/index.php?rest_route=%2Fwp%2Fv2%2Fproduct_cat&post=13999"},{"taxonomy":"product_tag","embeddable":true,"href":"https:\/\/quintett.ro\/index.php?rest_route=%2Fwp%2Fv2%2Fproduct_tag&post=13999"}],"curies":[{"name":"wp","href":"https:\/\/api.w.org\/{rel}","templated":true}]}}