{"id":13993,"date":"2026-05-07T16:28:00","date_gmt":"2026-05-07T14:28:00","guid":{"rendered":"https:\/\/quintett.ro\/?post_type=product&#038;p=13993"},"modified":"2026-05-07T16:30:57","modified_gmt":"2026-05-07T14:30:57","slug":"global-truss-speaker-mount-for-f31-45","status":"publish","type":"product","link":"https:\/\/quintett.ro\/?product=global-truss-speaker-mount-for-f31-45","title":{"rendered":"Global Truss Speaker Mount for F31-45"},"content":{"rendered":"<h4 class=\"font-sans font-bold text-3xl tracking-tight md:text-5xl lg:text-7xl mb-0.5 lg:mb-1\">Global Truss Speaker Mount for F31-45<\/h4>\n<p>Global truss stativ pentru boxe prindere pe grinda<\/p>\n<div class=\"text-translated js-prod-text-translation\" data-translated=\"true\">\n<h3 class=\"fx-headline fx-headline--3 fx-space-bottom--m\">Suport difuzor pentru structuri metalice F31-F45<\/h3>\n<ul class=\"fx-list product-text__list\">\n<li class=\"fx-list__item list-item fx-list__item--circle\"><span class=\"fx-text fx-text--plus list-item__text\">Diametrul cepului de montare: 35 mm<\/span><\/li>\n<li class=\"fx-list__item list-item fx-list__item--circle\"><span class=\"fx-text fx-text--plus list-item__text\">Pentru montare pe tuburi: 48 &#8211; 51 mm<\/span><\/li>\n<li class=\"fx-list__item list-item fx-list__item--circle\"><span class=\"fx-text fx-text--plus list-item__text\">Capacitate maxim\u0103 de \u00eenc\u0103rcare: 70 kg<\/span><\/li>\n<li class=\"fx-list__item list-item fx-list__item--circle\"><span class=\"fx-text fx-text--plus list-item__text\">Dimensiuni (L x l x \u00ce): 400 x 300 x 115 mm<\/span><\/li>\n<li class=\"fx-list__item list-item fx-list__item--circle\"><span class=\"fx-text fx-text--plus list-item__text\">Greutate: 2,15 kg<\/span><\/li>\n<li class=\"fx-list__item list-item fx-list__item--circle\"><span class=\"fx-text fx-text--plus list-item__text\">Include cupla 5032-2<\/span><\/li>\n<\/ul>\n<\/div>\n<p>&nbsp;<\/p>\n","protected":false},"excerpt":{"rendered":"<p>Global Truss este un produc\u0103tor de frunte din Germania \u0219i este cunoscut \u00een special \u00een industria evenimentelor pentru produse de \u00eenalt\u0103 calitate. Etapele complete sunt indispensabile la evenimentele mari \u0219i sunt potrivite pentru utilizare \u00een interior \u0219i exterior. Datorit\u0103 diferitelor elemente accesorii, etapele pot fi completate cu module suplimentare \u00een orice moment \u0219i adaptate \u00een mod ideal nevoilor individuale.<\/p>\n<h3 class=\"fx-headline fx-headline--3 fx-space-bottom--m\">Suport difuzor pentru structuri metalice F31-F45<\/h3>\n<ul class=\"fx-list product-text__list\">\n<li class=\"fx-list__item list-item fx-list__item--circle\"><span class=\"fx-text fx-text--plus list-item__text\">Diametrul cepului de montare: 35 mm<\/span><\/li>\n<li class=\"fx-list__item list-item fx-list__item--circle\"><span class=\"fx-text fx-text--plus list-item__text\">Pentru montare pe tuburi: 48 &#8211; 51 mm<\/span><\/li>\n<li class=\"fx-list__item list-item fx-list__item--circle\"><span class=\"fx-text fx-text--plus list-item__text\">Capacitate maxim\u0103 de \u00eenc\u0103rcare: 70 kg<\/span><\/li>\n<li class=\"fx-list__item list-item fx-list__item--circle\"><span class=\"fx-text fx-text--plus list-item__text\">Dimensiuni (L x l x \u00ce): 400 x 300 x 115 mm<\/span><\/li>\n<li class=\"fx-list__item list-item fx-list__item--circle\"><span class=\"fx-text fx-text--plus list-item__text\">Greutate: 2,15 kg<\/span><\/li>\n<li class=\"fx-list__item list-item fx-list__item--circle\"><span class=\"fx-text fx-text--plus list-item__text\">Include cupla 5032-2<\/span><\/li>\n<\/ul>\n","protected":false},"featured_media":0,"comment_status":"open","ping_status":"closed","template":"","meta":[],"product_brand":[],"product_cat":[183],"product_tag":[569,1549,1548,546,1677,570,568,1052,1034,1032,1033,429,1035,1054,1551,1552,1555,1554,1553,1676,1550],"class_list":{"0":"post-13993","1":"product","2":"type-product","3":"status-publish","5":"product_cat-traverse-truss","6":"product_tag-2x1","7":"product_tag-clamp","8":"product_tag-clema-picioare","9":"product_tag-global-truss","10":"product_tag-global-truss-speaker-mount","11":"product_tag-platforma-scena","12":"product_tag-podeste","13":"product_tag-podina-scena","14":"product_tag-podium-4x3","15":"product_tag-podium-6x4","16":"product_tag-podium-8x6","17":"product_tag-podium-scena","18":"product_tag-podium-scena-5x4","19":"product_tag-scena-mobila","20":"product_tag-set-picioare","21":"product_tag-set-picioare-60-100","22":"product_tag-set-picioare-scena-100-180","23":"product_tag-set-picioare-scena-40-60","24":"product_tag-set-picioare-scena-80-140","25":"product_tag-suport-boxe","26":"product_tag-suport-prindere","28":"first","29":"instock","30":"purchasable","31":"product-type-simple"},"jetpack_sharing_enabled":true,"_links":{"self":[{"href":"https:\/\/quintett.ro\/index.php?rest_route=\/wp\/v2\/product\/13993","targetHints":{"allow":["GET"]}}],"collection":[{"href":"https:\/\/quintett.ro\/index.php?rest_route=\/wp\/v2\/product"}],"about":[{"href":"https:\/\/quintett.ro\/index.php?rest_route=\/wp\/v2\/types\/product"}],"replies":[{"embeddable":true,"href":"https:\/\/quintett.ro\/index.php?rest_route=%2Fwp%2Fv2%2Fcomments&post=13993"}],"wp:attachment":[{"href":"https:\/\/quintett.ro\/index.php?rest_route=%2Fwp%2Fv2%2Fmedia&parent=13993"}],"wp:term":[{"taxonomy":"product_brand","embeddable":true,"href":"https:\/\/quintett.ro\/index.php?rest_route=%2Fwp%2Fv2%2Fproduct_brand&post=13993"},{"taxonomy":"product_cat","embeddable":true,"href":"https:\/\/quintett.ro\/index.php?rest_route=%2Fwp%2Fv2%2Fproduct_cat&post=13993"},{"taxonomy":"product_tag","embeddable":true,"href":"https:\/\/quintett.ro\/index.php?rest_route=%2Fwp%2Fv2%2Fproduct_tag&post=13993"}],"curies":[{"name":"wp","href":"https:\/\/api.w.org\/{rel}","templated":true}]}}