{"id":13853,"date":"2026-04-09T16:19:37","date_gmt":"2026-04-09T14:19:37","guid":{"rendered":"https:\/\/quintett.ro\/?post_type=product&#038;p=13853"},"modified":"2026-04-09T16:25:14","modified_gmt":"2026-04-09T14:25:14","slug":"cameo-dvc-pro","status":"publish","type":"product","link":"https:\/\/quintett.ro\/?product=cameo-dvc-pro","title":{"rendered":"Cameo DVC Pro"},"content":{"rendered":"<div class=\"text-original js-prod-text-original\">\n<p>Specificatii:<\/p>\n<ul>\n<li>Tip: interfa\u021b\u0103 USB to DMX<\/li>\n<li>Canale live: 1024<\/li>\n<li>Canale standalone: 256<\/li>\n<li>Tip software: full Cameo D4 \/ full daslight D4<\/li>\n<li>Intr\u0103ri: USB-C<\/li>\n<li>Ie\u0219iri: 2 x XLR mama cu 3-pini<\/li>\n<li>Memorie: 120 K<\/li>\n<li>Port-uri dry contact: 8<\/li>\n<li>Alimentare: prin USB<\/li>\n<li>Dimensiuni (W x H x D): 78 x 27 x 88 mm<\/li>\n<li>Accesorii incluse: cablu USB la USB-C<\/li>\n<li>Greutate: 0.2 kg<\/li>\n<\/ul>\n<\/div>\n","protected":false},"excerpt":{"rendered":"<p>Cameo DVC Pro &#8211; interfa\u021b\u0103 de control DMX cu software,&#8221;by Daslight&#8221; ce permite controlul luminilor de pe un computer sau laptop. Interfa\u021ba plug-and-play ofer\u0103 1024 canale DMX \u00een mod live, \u0219i include o memorie intern\u0103 pentru 256 canale \u00een mod standalone. Acest lucru permite copierea programelor show-urilor de lumini direct \u00een interfa\u021b\u0103, \u0219i permite rularea acestora f\u0103r\u0103 a fi nevoie de computer.<\/p>\n<p>Este echipat\u0103 cu un conector mini-USB \u0219i ie\u0219ire DMX cu 3 pini, alimentarea interfe\u021bei realiz\u00e2ndu-se prin portul USB. Ofer\u0103 3 butoane de control pentru selectarea programului, \u0219i dimming \u00een mod standalone, lucru ce necesit\u0103 un adaptor de alimentare standard 5V USB. Programul Cameo ofer\u0103 peste 15.000 de libr\u0103rii de fixturi \u0219i un editor de libr\u0103rie de scan.<\/p>\n<p>Permite selectarea tipurilor de fixturi, gruparea acestora, \u0219i creearea de layout-uri de master cu vizualizare 2D. Crea\u021bi, aranja\u021bi \u0219i suprapune\u021bi scene dinamice, utiliza\u021bi paletele de culoare integrate pentru a controla luminile f\u0103r\u0103 a fi necesar s\u0103 mi\u0219ca\u021bi faderele, av\u00e2nd posibilitatea s\u0103 genera\u021bi sute de efecte impresionante prin intermediul XEEL Engine. Programul ofer\u0103 uneltele necesare pentru editare live, un analizator audio \u0219i MIDI clock pentru sincronizare BPM \u0219i vizualizare 3D pentru pre-randarea programului dumneavoastr\u0103 de lumini.<\/p>\n<p>Aranjarea \u00een pagin\u0103 este complet customizabil\u0103, iar prin intermediul aplica\u021biei Easy Remote pute\u021bi controla programul prin intermediul unui iPhone, iPad sau dispozitiv Android cu conexiune WiFi. Interfa\u021ba DVC4 \u0219i programul D4 au fost dezvoltate pentru Cameo de c\u0103tre Daslight.<\/p>\n","protected":false},"featured_media":13861,"comment_status":"open","ping_status":"closed","template":"","meta":[],"product_brand":[],"product_cat":[42,391],"product_tag":[1648,1644,970,1645,544,1647,1646,972,967,968,969],"class_list":{"0":"post-13853","1":"product","2":"type-product","3":"status-publish","4":"has-post-thumbnail","6":"product_cat-promotii","7":"product_cat-thomann","8":"product_tag-cameo","9":"product_tag-cameo-dvc-pro","10":"product_tag-consola-dmx","11":"product_tag-das-light","12":"product_tag-dmx","13":"product_tag-dmx1024","14":"product_tag-dmx512","15":"product_tag-interfata-dmx","16":"product_tag-lightshark","17":"product_tag-lightshark-ls1","18":"product_tag-ls1","20":"first","21":"instock","22":"sale","23":"purchasable","24":"product-type-simple"},"jetpack_sharing_enabled":true,"_links":{"self":[{"href":"https:\/\/quintett.ro\/index.php?rest_route=\/wp\/v2\/product\/13853","targetHints":{"allow":["GET"]}}],"collection":[{"href":"https:\/\/quintett.ro\/index.php?rest_route=\/wp\/v2\/product"}],"about":[{"href":"https:\/\/quintett.ro\/index.php?rest_route=\/wp\/v2\/types\/product"}],"replies":[{"embeddable":true,"href":"https:\/\/quintett.ro\/index.php?rest_route=%2Fwp%2Fv2%2Fcomments&post=13853"}],"wp:featuredmedia":[{"embeddable":true,"href":"https:\/\/quintett.ro\/index.php?rest_route=\/wp\/v2\/media\/13861"}],"wp:attachment":[{"href":"https:\/\/quintett.ro\/index.php?rest_route=%2Fwp%2Fv2%2Fmedia&parent=13853"}],"wp:term":[{"taxonomy":"product_brand","embeddable":true,"href":"https:\/\/quintett.ro\/index.php?rest_route=%2Fwp%2Fv2%2Fproduct_brand&post=13853"},{"taxonomy":"product_cat","embeddable":true,"href":"https:\/\/quintett.ro\/index.php?rest_route=%2Fwp%2Fv2%2Fproduct_cat&post=13853"},{"taxonomy":"product_tag","embeddable":true,"href":"https:\/\/quintett.ro\/index.php?rest_route=%2Fwp%2Fv2%2Fproduct_tag&post=13853"}],"curies":[{"name":"wp","href":"https:\/\/api.w.org\/{rel}","templated":true}]}}