{"id":13712,"date":"2026-03-12T11:30:19","date_gmt":"2026-03-12T09:30:19","guid":{"rendered":"https:\/\/quintett.ro\/?post_type=product&#038;p=13712"},"modified":"2026-03-31T17:29:06","modified_gmt":"2026-03-31T15:29:06","slug":"mac-mah-amber-bar","status":"publish","type":"product","link":"https:\/\/quintett.ro\/?product=mac-mah-amber-bar","title":{"rendered":"Mac Mah &#8211; Amber-Bar"},"content":{"rendered":"<p>Caracteristici:<\/p>\n<p>Decor retro Blinder Mac Mah Amber-Bar<br \/>\n3 LED-uri COB chihlimbar de 50W \u0219i 90 LED-uri RGB 3-\u00een-1 de 0,3W<br \/>\nTemperatura de culoare: 1800K<br \/>\nDurata de via\u021b\u0103 a LED-ului: &gt;50.000 ore<br \/>\nDimmer: 0-100% liniar<br \/>\nStroboscop: 30 de clipiri\/secund\u0103<br \/>\nModuri de control: DMX512, Auto, Master-Slave, Sunet<br \/>\nCanale DMX: 6 \/ 14 \/ 57<br \/>\nAfi\u0219aj LED<br \/>\nAlimentare: 100-240 VAC \/ 50-60 Hz<br \/>\nIntrare\/Ie\u0219ire alimentare prin Powercon<br \/>\nConsum de energie: max. 200W<br \/>\nDimensiuni: 745 x 150 x 165 mm<br \/>\nGreutate net\u0103: 3,25 kg<\/p>\n","protected":false},"excerpt":{"rendered":"<p>Mac Mah Amber-Bar este o bar\u0103 LED versatil\u0103, conceput\u0103 pentru a crea atmosfere calde \u0219i efecte dinamice de culoare. Func\u021bionarea sa automat\u0103, activat\u0103 prin sunet sau controlat\u0103 prin DMX \u00eei permite s\u0103 se adapteze la toate configura\u021biile de DJ sau fixe. O solu\u021bie practic\u0103 pentru \u00eembun\u0103t\u0103\u021birea unui set \u0219i structurarea unei scene \u00een c\u00e2teva momente.<\/p>\n","protected":false},"featured_media":13713,"comment_status":"open","ping_status":"closed","template":"","meta":[],"product_brand":[],"product_cat":[1503,496],"product_tag":[1415,501,1417,1454,513,1427,190,505,1426,1617,1453,832,1639,196,1416,515,516],"class_list":{"0":"post-13712","1":"product","2":"type-product","3":"status-publish","4":"has-post-thumbnail","6":"product_cat-black-friday","7":"product_cat-msc-lumini-si-scene","8":"product_tag-1915-aura","9":"product_tag-lumini-inteligente","10":"product_tag-lumini-led","11":"product_tag-lumini-retro","12":"product_tag-mac-mah","13":"product_tag-martin","14":"product_tag-moving-head","15":"product_tag-moving-head-7r","16":"product_tag-moving-head-led","17":"product_tag-retro-blinder","18":"product_tag-retro-light","19":"product_tag-robe","20":"product_tag-varytec-retro-blinder","21":"product_tag-wash","22":"product_tag-wash-1915","23":"product_tag-wash-19x15","24":"product_tag-wash1915","26":"first","27":"instock","28":"sale","29":"purchasable","30":"product-type-simple"},"jetpack_sharing_enabled":true,"_links":{"self":[{"href":"https:\/\/quintett.ro\/index.php?rest_route=\/wp\/v2\/product\/13712","targetHints":{"allow":["GET"]}}],"collection":[{"href":"https:\/\/quintett.ro\/index.php?rest_route=\/wp\/v2\/product"}],"about":[{"href":"https:\/\/quintett.ro\/index.php?rest_route=\/wp\/v2\/types\/product"}],"replies":[{"embeddable":true,"href":"https:\/\/quintett.ro\/index.php?rest_route=%2Fwp%2Fv2%2Fcomments&post=13712"}],"wp:featuredmedia":[{"embeddable":true,"href":"https:\/\/quintett.ro\/index.php?rest_route=\/wp\/v2\/media\/13713"}],"wp:attachment":[{"href":"https:\/\/quintett.ro\/index.php?rest_route=%2Fwp%2Fv2%2Fmedia&parent=13712"}],"wp:term":[{"taxonomy":"product_brand","embeddable":true,"href":"https:\/\/quintett.ro\/index.php?rest_route=%2Fwp%2Fv2%2Fproduct_brand&post=13712"},{"taxonomy":"product_cat","embeddable":true,"href":"https:\/\/quintett.ro\/index.php?rest_route=%2Fwp%2Fv2%2Fproduct_cat&post=13712"},{"taxonomy":"product_tag","embeddable":true,"href":"https:\/\/quintett.ro\/index.php?rest_route=%2Fwp%2Fv2%2Fproduct_tag&post=13712"}],"curies":[{"name":"wp","href":"https:\/\/api.w.org\/{rel}","templated":true}]}}