{"id":13640,"date":"2026-02-17T11:00:02","date_gmt":"2026-02-17T09:00:02","guid":{"rendered":"https:\/\/quintett.ro\/?post_type=product&#038;p=13640"},"modified":"2026-02-17T11:13:25","modified_gmt":"2026-02-17T09:13:25","slug":"full-fat-audio-ffa-5004-hd-g3-dsp-amplificator","status":"publish","type":"product","link":"https:\/\/quintett.ro\/?product=full-fat-audio-ffa-5004-hd-g3-dsp-amplificator","title":{"rendered":"Full Fat Audio FFA-5004 HD G3 DSP Amplificator"},"content":{"rendered":"<table border=\"1\" cellspacing=\"1\" cellpadding=\"1\">\n<tbody>\n<tr>\n<td>Power<\/p>\n<p>Ratings<\/td>\n<td>FFA-5004 HD G3 DSP &#8211; 4 x 1250W ref 4 Ohms\u00a0 \u00a0 4 x 625W 8 Ohm<\/p>\n<p>Note: Channel pairs can be bridged to drive very high power 8 Ohm subwoofers<\/td>\n<\/tr>\n<tr>\n<td>Gain<\/td>\n<td>32 dB &#8211;\u00a0For all HD G3 DSP models<\/td>\n<\/tr>\n<tr>\n<td>THD<\/td>\n<td>THD Typical 0.03 4 Ohm 1kHz THD+N<\/td>\n<\/tr>\n<tr>\n<td>Frequency<\/p>\n<p>Response<\/td>\n<td>20Hz &#8211; 20kHz +- 0.5dB<\/td>\n<\/tr>\n<tr>\n<td>Controls<\/td>\n<td>40 Point Potentiometer per channel, power on switch<\/td>\n<\/tr>\n<tr>\n<td>Indicators<\/td>\n<td>signal green = -20dB, signal yellow = -3dB, red signal = clip, signal red protect = over current, low AC mains or 3 sec. mute on power up<\/td>\n<\/tr>\n<tr>\n<td>Load<\/p>\n<p>Protection<\/td>\n<td>DC on output, precision clip limiter circuit<\/td>\n<\/tr>\n<tr>\n<td>Amplifier<\/p>\n<p>Protection<\/td>\n<td>Short circuit, current overload, thermal shutdown, high frequency stability circuit<\/td>\n<\/tr>\n<tr>\n<td>Audio Signal<\/p>\n<p>Inputs<\/td>\n<td>Analogue Balanced Neutrik\u00ae Female XLR input each channel Pin 1 &#8211; GND, Pin 2 &#8211; Hot +, Pin 3 &#8211; Cold\u00a0 Digital Dante AES67<\/td>\n<\/tr>\n<tr>\n<td>Audio Signal<\/p>\n<p>Outputs<\/td>\n<td>Neutrik\u00ae speakON each channel. Channels 1 and 3 output speakON utilises 2+ and 2- connection to allow use of 4 core loudspeaker cable for bi amp loudspeaker systems. Bridged output possible<\/td>\n<\/tr>\n<tr>\n<td>Power<\/p>\n<p>Requirement<\/td>\n<td>1 x Neutrik\u00ae 20A powerCON connector 1 x 16A 230 VAC Circuit. Power range 185V-230VAC 120V (configured at factory)<\/td>\n<\/tr>\n<tr>\n<td>System<\/p>\n<p>Cooling<\/td>\n<td>High CFM 80mm fan with proportional signal speed control. Rear to front airflow<\/td>\n<\/tr>\n<tr>\n<td>Dimensions<\/td>\n<td>88mm Height x 483mm Width x 510mm Depth. Includes rear rack support. 19&#8243; rack mount enclosure<\/td>\n<\/tr>\n<tr>\n<td>Weight<\/td>\n<td>10.5 kg<\/td>\n<\/tr>\n<\/tbody>\n<\/table>\n<p>&nbsp;<\/p>\n<div>DSP Software Functions<\/div>\n<div><\/div>\n<div><\/div>\n<div>\u2022 Input Delay (per channel): 0 to 1.3s in 10.4uS steps<\/div>\n<div>\u2022 Input Compressor (per channel): Threshold (-30 to +22 dBu), Attack, Release, Ratio, Soft-Knee<\/div>\n<div>\u2022 Input Parametric EQ (per channel): 8 bands \u2013 parametric, low shelf, high shelf, notch, band-pass<\/div>\n<div>\u2022 Input Dynamic EQ (per channel): 2 bands \u2013 parametric\/low shelf\/high shelf, boost\/cut above \/below,<\/div>\n<div>threshold, ratio, attack, release<\/div>\n<div>\u2022 Input High-Pass Filter (per channel): Up to 24dB\/octave ( Butterworth \/ Bessel \/ Linkwitz-Riley)<\/div>\n<div>\u2022 Routing Inputs to Outputs: Full matrix mixer<\/div>\n<div>\u2022 Output Parametric EQ (per channel): 16 bands \u2013 parametric, low shelf, high shelf, notch, band-pass<\/div>\n<div>\u2022 Output High-Pass and Low-Pass Filter (per channel): Up to 48dB\/octave ( Butterworth \/ Bessel \/ Linkwitz-Riley)<\/div>\n<div>\u2022 Output Gain (per channel): -30 to +15dB in 0.1dB steps, mute, phase<\/div>\n<div>\u2022 Output Delay (per channel): 0 to 1.3s in 10.4uS steps High performance, two-stage PXL limiters<\/div>\n<div>ensure systems can be safely and reliably played at high level without compromising sound quality<\/div>\n<div>\u2022 Output Limiter power amplifier (per channel): Threshold (-50 to +14dBu), attack, release, auto attack\/release option<\/div>\n<div>\u2022 Output Limiter AUX XLR output: Threshold (-50 to +22dBu), attack, release, auto attack\/release option<\/div>\n<div>\u2022 Output Delay (per channel): 0 to 1.3s in 10.4uS steps<\/div>\n<div><\/div>\n<div><\/div>\n<div>Technical specifications<\/div>\n<div><\/div>\n<div>Analogue Inputs: \u00a0 \u00a04 x XLRF<\/div>\n<div>Balanced CMRR: \u00a0 \u00a060dB@ 1kHz<\/div>\n<div>Maximum Level: \u00a0 +20dBu<\/div>\n<div>Input Impedance: \u00a0 10k electronically balanced<\/div>\n<div>AES Inputs &#8211; 2 x 2: \u00a0 \u00a0Transformer balanced<\/div>\n<div>AES Input Sample Rates:\u00a0 8kHz &#8211; 192kHz<\/div>\n<div>AES Input s\/n Ratio: \u00a0 \u00a0139dB<\/div>\n<div>Input Impedance: \u00a0 \u00a0110 R<\/div>\n<div>Analogue Outputs: \u00a0 \u00a08 XLRM electronically balanced<\/div>\n<div>Source Impedance: \u00a0 \u00a060R<\/div>\n<div><\/div>\n<div><\/div>\n<div>AES Outputs:\u00a0 4 x 2 Transformer Balanced<\/div>\n<div>Sample Rate: 96kHz<\/div>\n<div>Source Impedance: 110 R<\/div>\n<div>Performance &amp; Mechanical<\/div>\n<div>Frequency Response: 12Hz &#8211; 32kHz \u00b10.2dB<\/div>\n<div>Dynamic Range: 119dB &#8216;A&#8217;wtd (in-out analogue)<\/div>\n<div>THD+N (+19dB @lkHz): 0.00029%<\/div>\n<div>Latency: 0.427mS (in-out analogue, 96kHz)<\/div>\n<div>Power: 90-250VAC, 50-60Hz, 20W<\/div>\n<div>Dims: 44 x 213 x 482mm (1.75 x 8.4 x 19in)<\/div>\n<div>Weight: 2.5kg Net; 3.5kg Shipping<\/div>\n<div><\/div>\n<div><\/div>\n<div>Audio I\/O:<\/div>\n<div>4 Analogue Inputs, 8 Analogue Outputs<\/div>\n<div>AES Digital I\/O with SRC from 24 to 192kHz<\/div>\n<div><\/div>\n<div>Input Processing Features:<\/div>\n<div>Soft Knee Compressor 8 Parametric EQ\u2019s &amp; 3 DEQ\u2019s<\/div>\n<div>24dB\/Oct HPF &amp; 28 Band Graphic EQ<\/div>\n<div>Gain, Polarity, Delay (up to 1.3s)<\/div>\n<div><\/div>\n<div>Routing Matrix Modes:<\/div>\n<div>Full Mix Matrix, Routing Matrix, Preset<\/div>\n<div>Configurations (2&#215;4, 4&#215;2, 1&#215;8, 2&#215;3 +2)<\/div>\n<div><\/div>\n<div>Output Processing Features:<\/div>\n<div>16 Parametric EQs<\/div>\n<div>Crossover Filters up to 48dB\/Oct<\/div>\n<div>FIR Filter capable &#8211;<\/div>\n<div>1024 Taps\/2ch, 512 Taps\/4ch,<\/div>\n<div>256 Taps\/8ch at 96kHz<\/div>\n<div>Gain, Polarity, Delay (up to 1.3s)<\/div>\n<div>PXL Limiters<\/div>\n<div><\/div>\n<div>Remote control 1Gbps\/100Mbps Ethernet,<\/div>\n<div>USB Type C Up to 30 presets may be stored<\/div>\n<div>for offline recall<\/div>\n","protected":false},"excerpt":{"rendered":"<p>Dispune de un nou DSP de \u00eenalt\u0103 calitate, cu un sunet clar \u0219i natural. DSP-ul este conceput pe baza celor mai recente seturi de chipuri \u0219i hardware ESS. Semnalele audio pot fi transmise amplificatoarelor fie \u00een domeniul analogic prin XLR echilibrat, fie digital prin ethernet prin conexiune RJ45.<\/p>\n<p>DSP-ul complet echipat de 96kHz asigur\u0103 cel mai bun sunet. Software-ul FATWARE actualizat continu\u0103 s\u0103 ofere o interac\u021biune rapid\u0103 \u0219i receptiv\u0103 cu utilizatorul, iar semnalele pot fi rutate rapid \u0219i eficient.<\/p>\n<p>Amplificatoarele FFA HD sunt proiectate folosind componente electronice de \u00eenalt\u0103 performan\u021b\u0103, de mare vitez\u0103 \u0219i zgomot redus. Circuitele amplificatoarelor PWM de clas\u0103 D de \u00eenalt\u0103 eficien\u021b\u0103 sunt complet discrete, iar SMPS-ul nostru de curent ridicat va sus\u021bine continuu energia de joas\u0103 frecven\u021b\u0103.<\/p>\n<p>Proiectat \u0219i fabricat \u00een Anglia, cu o garan\u021bie de 6 ani.<\/p>\n<p>Download software :<\/p>\n<p><a href=\"http:\/\/www.nstaudio.com\/software\/fatwaremac\/FATWARE_Installer.dmg\">http:\/\/www.nstaudio.com\/software\/fatwaremac\/FATWARE_Installer.dmg<\/a><\/p>\n<p><a href=\"http:\/\/www.nstaudio.com\/software\/fatware\/FATWARE_Setup.exe\">http:\/\/www.nstaudio.com\/software\/fatware\/FATWARE_Setup.exe<\/a><\/p>\n","protected":false},"featured_media":13659,"comment_status":"open","ping_status":"closed","template":"","meta":[],"product_brand":[],"product_cat":[1577,42],"product_tag":[74,1579,919,1581,1578,1194,1571,1596,1587,1582,1588,1591,1583,1589,1592,1585,1584,1586,1590,1593,1580,1595,1594],"class_list":{"0":"post-13640","1":"product","2":"type-product","3":"status-publish","4":"has-post-thumbnail","6":"product_cat-www-fullfataudio-com","7":"product_cat-promotii","8":"product_tag-amplificatoare","9":"product_tag-amplificatoare-ffa","10":"product_tag-amplificator-4-canale","11":"product_tag-amplificator-clasa-d","12":"product_tag-amplificator-cu-dante","13":"product_tag-amplificator-lab-gruppen","14":"product_tag-amplificator-powersoft-x4-dante","15":"product_tag-f48x","16":"product_tag-ffa-10000","17":"product_tag-ffa-2004","18":"product_tag-ffa-2004-hd","19":"product_tag-ffa-2004-hd-g3-dsp","20":"product_tag-ffa-4004","21":"product_tag-ffa-5004-hd","22":"product_tag-ffa-5004-hd-g3-dsp","23":"product_tag-ffa-6000","24":"product_tag-ffa-6004","25":"product_tag-ffa-8000","26":"product_tag-ffa-8004-hd","27":"product_tag-ffa-8004-hd-g3-dsp","28":"product_tag-full-fat-audio","29":"product_tag-if48x","30":"product_tag-procesoare","32":"first","33":"instock","34":"product-type-simple"},"jetpack_sharing_enabled":true,"_links":{"self":[{"href":"https:\/\/quintett.ro\/index.php?rest_route=\/wp\/v2\/product\/13640","targetHints":{"allow":["GET"]}}],"collection":[{"href":"https:\/\/quintett.ro\/index.php?rest_route=\/wp\/v2\/product"}],"about":[{"href":"https:\/\/quintett.ro\/index.php?rest_route=\/wp\/v2\/types\/product"}],"replies":[{"embeddable":true,"href":"https:\/\/quintett.ro\/index.php?rest_route=%2Fwp%2Fv2%2Fcomments&post=13640"}],"wp:featuredmedia":[{"embeddable":true,"href":"https:\/\/quintett.ro\/index.php?rest_route=\/wp\/v2\/media\/13659"}],"wp:attachment":[{"href":"https:\/\/quintett.ro\/index.php?rest_route=%2Fwp%2Fv2%2Fmedia&parent=13640"}],"wp:term":[{"taxonomy":"product_brand","embeddable":true,"href":"https:\/\/quintett.ro\/index.php?rest_route=%2Fwp%2Fv2%2Fproduct_brand&post=13640"},{"taxonomy":"product_cat","embeddable":true,"href":"https:\/\/quintett.ro\/index.php?rest_route=%2Fwp%2Fv2%2Fproduct_cat&post=13640"},{"taxonomy":"product_tag","embeddable":true,"href":"https:\/\/quintett.ro\/index.php?rest_route=%2Fwp%2Fv2%2Fproduct_tag&post=13640"}],"curies":[{"name":"wp","href":"https:\/\/api.w.org\/{rel}","templated":true}]}}