{"id":13637,"date":"2026-02-17T10:56:22","date_gmt":"2026-02-17T08:56:22","guid":{"rendered":"https:\/\/quintett.ro\/?post_type=product&#038;p=13637"},"modified":"2026-02-17T11:06:02","modified_gmt":"2026-02-17T09:06:02","slug":"full-fat-audio-ffa-5004-hd-amplificator","status":"publish","type":"product","link":"https:\/\/quintett.ro\/?product=full-fat-audio-ffa-5004-hd-amplificator","title":{"rendered":"Full Fat Audio FFA-5004 HD Amplificator"},"content":{"rendered":"<table border=\"1\" cellspacing=\"1\" cellpadding=\"1\">\n<tbody>\n<tr>\n<td>Power<\/p>\n<p>Ratings<\/td>\n<td>FFA-5004 HD:<\/p>\n<p>4 x 1250W ref 4 Ohms, 4 x 625W 8 Ohm<\/p>\n<p><em>Note: Channel pairs can be bridged to drive very high power 8 Ohm subwoofers<\/em><\/td>\n<\/tr>\n<tr>\n<td>Gain<\/td>\n<td>FFA-5004 HD \u2013 20dB<\/td>\n<\/tr>\n<tr>\n<td>THD<\/td>\n<td>THD+N Typical 0.05 4% Ohm 1kHz<\/td>\n<\/tr>\n<tr>\n<td>Frequency<\/p>\n<p>Response<\/td>\n<td>20Hz &#8211; 20kHz +- 0.5dB<\/td>\n<\/tr>\n<tr>\n<td>Controls<\/td>\n<td>40 Point Potentiometer per channel, power on switch<\/td>\n<\/tr>\n<tr>\n<td>Indicators<\/td>\n<td>signal green = -20dB, signal yellow = -3dB, red signal = clip, signal red protect = over current, low AC mains or 3 sec. mute on power up<\/td>\n<\/tr>\n<tr>\n<td>Load<\/p>\n<p>Protection<\/td>\n<td>DC on output, precision clip limiter circuit<\/td>\n<\/tr>\n<tr>\n<td>Amplifier<\/p>\n<p>Protection<\/td>\n<td>Short circuit, current overload, thermal shutdown, high frequency stability circuit<\/td>\n<\/tr>\n<tr>\n<td>Audio Signal<\/p>\n<p>Inputs<\/td>\n<td>Balanced Neutrik\u00ae Female XLR input connected Pin 1 &#8211; GND, Pin 2 &#8211; Hot +, Pin 3 &#8211; Cold &#8211; .<\/td>\n<\/tr>\n<tr>\n<td>Audio Power<\/p>\n<p>Outputs<\/td>\n<td>Neutrik\u00ae speakON each channel. Channels 1 and 3 output speakON utilises 2+ and 2- connection to allow use of 4 core loudspeaker cable for bi amp loudspeaker system. Bridged output<\/td>\n<\/tr>\n<tr>\n<td>Power<\/p>\n<p>Requirement<\/td>\n<td>1 x Neutrik\u00ae 20A powerCON connector 1 x 16A 230 VAC Circuit. Power range 185V-230VAC<\/p>\n<p>120V (configured at factory)<\/td>\n<\/tr>\n<tr>\n<td>System<\/p>\n<p>Cooling<\/td>\n<td>High CFM 80mm fan with proportional signal speed control. Rear to front airflow<\/td>\n<\/tr>\n<tr>\n<td>Dimensions<\/td>\n<td>88mm Height x 483mm Width x 510mm Depth. Includes rear rack support. 19&#8243; rack mount enclosure<\/td>\n<\/tr>\n<tr>\n<td>Weight<\/td>\n<td>10 kg<\/td>\n<\/tr>\n<\/tbody>\n<\/table>\n","protected":false},"excerpt":{"rendered":"<p>FFA-5004 HD este un amplificator de putere de \u00eenalt\u0103 performan\u021b\u0103 cu patru canale. Acest amplificator este ideal pentru utilizarea cu sisteme de sunet cinematografice premium.<\/p>\n<p>Sursele de alimentare robuste, cu curent ridicat, de la FFA r\u0103spund la cele mai joase note muzicale \u0219i efecte speciale audio. Mecanica este construit\u0103 la acelea\u0219i standarde exacte ca \u0219i produsele profesionale de sunet live \u0219i pentru loca\u021bii nocturne de la FFA.<\/p>\n<p>Aceste amplificatoare de clas\u0103 D utilizeaz\u0103 tehnologie electronic\u0103 extrem de eficient\u0103 pentru a func\u021biona la rece \u0219i a consuma mai pu\u021bin\u0103 energie de la re\u021bea. Circuitele analogice de precizie ofer\u0103 o scen\u0103 sonor\u0103 foarte stabil\u0103, cu un raport semnal-zgomot excelent. Experien\u021ba sonor\u0103 este complet muzical\u0103 \u0219i natural\u0103, ceea ce va \u00eembun\u0103t\u0103\u021bi performan\u021ba cinematografic\u0103.<\/p>\n<p>Proiectat \u0219i fabricat \u00een Anglia, cu o garan\u021bie de 6 ani.<\/p>\n<p>&nbsp;<\/p>\n<p>Download software :<\/p>\n<p><a href=\"http:\/\/www.nstaudio.com\/software\/fatwaremac\/FATWARE_Installer.dmg\">http:\/\/www.nstaudio.com\/software\/fatwaremac\/FATWARE_Installer.dmg<\/a><\/p>\n<p><a href=\"http:\/\/www.nstaudio.com\/software\/fatware\/FATWARE_Setup.exe\">http:\/\/www.nstaudio.com\/software\/fatware\/FATWARE_Setup.exe<\/a><\/p>\n","protected":false},"featured_media":13644,"comment_status":"open","ping_status":"closed","template":"","meta":[],"product_brand":[],"product_cat":[1577,42],"product_tag":[74,1579,919,1581,1578,1194,1571,1596,1587,1582,1588,1591,1583,1589,1592,1585,1584,1586,1590,1593,1580,1595,1594],"class_list":{"0":"post-13637","1":"product","2":"type-product","3":"status-publish","4":"has-post-thumbnail","6":"product_cat-www-fullfataudio-com","7":"product_cat-promotii","8":"product_tag-amplificatoare","9":"product_tag-amplificatoare-ffa","10":"product_tag-amplificator-4-canale","11":"product_tag-amplificator-clasa-d","12":"product_tag-amplificator-cu-dante","13":"product_tag-amplificator-lab-gruppen","14":"product_tag-amplificator-powersoft-x4-dante","15":"product_tag-f48x","16":"product_tag-ffa-10000","17":"product_tag-ffa-2004","18":"product_tag-ffa-2004-hd","19":"product_tag-ffa-2004-hd-g3-dsp","20":"product_tag-ffa-4004","21":"product_tag-ffa-5004-hd","22":"product_tag-ffa-5004-hd-g3-dsp","23":"product_tag-ffa-6000","24":"product_tag-ffa-6004","25":"product_tag-ffa-8000","26":"product_tag-ffa-8004-hd","27":"product_tag-ffa-8004-hd-g3-dsp","28":"product_tag-full-fat-audio","29":"product_tag-if48x","30":"product_tag-procesoare","32":"first","33":"instock","34":"product-type-simple"},"jetpack_sharing_enabled":true,"_links":{"self":[{"href":"https:\/\/quintett.ro\/index.php?rest_route=\/wp\/v2\/product\/13637","targetHints":{"allow":["GET"]}}],"collection":[{"href":"https:\/\/quintett.ro\/index.php?rest_route=\/wp\/v2\/product"}],"about":[{"href":"https:\/\/quintett.ro\/index.php?rest_route=\/wp\/v2\/types\/product"}],"replies":[{"embeddable":true,"href":"https:\/\/quintett.ro\/index.php?rest_route=%2Fwp%2Fv2%2Fcomments&post=13637"}],"wp:featuredmedia":[{"embeddable":true,"href":"https:\/\/quintett.ro\/index.php?rest_route=\/wp\/v2\/media\/13644"}],"wp:attachment":[{"href":"https:\/\/quintett.ro\/index.php?rest_route=%2Fwp%2Fv2%2Fmedia&parent=13637"}],"wp:term":[{"taxonomy":"product_brand","embeddable":true,"href":"https:\/\/quintett.ro\/index.php?rest_route=%2Fwp%2Fv2%2Fproduct_brand&post=13637"},{"taxonomy":"product_cat","embeddable":true,"href":"https:\/\/quintett.ro\/index.php?rest_route=%2Fwp%2Fv2%2Fproduct_cat&post=13637"},{"taxonomy":"product_tag","embeddable":true,"href":"https:\/\/quintett.ro\/index.php?rest_route=%2Fwp%2Fv2%2Fproduct_tag&post=13637"}],"curies":[{"name":"wp","href":"https:\/\/api.w.org\/{rel}","templated":true}]}}