{"id":13352,"date":"2025-11-24T13:50:40","date_gmt":"2025-11-24T11:50:40","guid":{"rendered":"https:\/\/quintett.ro\/?post_type=product&#038;p=13352"},"modified":"2025-11-24T13:54:17","modified_gmt":"2025-11-24T11:54:17","slug":"avalon-vt-737sp","status":"publish","type":"product","link":"https:\/\/quintett.ro\/?product=avalon-vt-737sp","title":{"rendered":"Avalon VT-737SP"},"content":{"rendered":"<p>Avalon VT-737SP\u00a0&#8211; procesor de dinamic\u0103, single-channel, de dip Class-A pe lamp\u0103, ce combin\u0103 un preamplificator de microfon pe lamp\u0103, un DI de instrument, opto-compressor \u0219i un EQ parametric pe 4 benzi.<\/p>\n<p>Caracteristici:<\/p>\n<ul>\n<li>Cale de semnal cu lamp\u0103 vacuum triode<\/li>\n<li>Preamplificator de microfon cu alimentare +48V phantom power<\/li>\n<li>DI pentru instrument cu conector pe panoul frontal<\/li>\n<li>Switch High-gain cre\u0219te cantitatea de gain a preamplificatorului<\/li>\n<li>Control dinamic complet de la soft compression la hard- knee limiting ce poate fi atins prin threshold, controale pentru ratio-compression, attack \u0219i release<\/li>\n<li>Contral spectral special ce include de-esser disponibil prin switch-ul dual sweep mid EQ to side-chain<\/li>\n<li>Egalizator discret de tip Class-A selectabil \u00eentre Pre\/Post compressor<\/li>\n<li>Benzi de frecven\u021be \u00eenalte \u0219i joase ce ofer\u0103 caracteristicile unui design complet pasiv<\/li>\n<li>Benzi de medii duale includ frecven\u021be variabile \u0219i selec\u021bie de tip switched Q-width<\/li>\n<li>Gama de benzi de frecven\u021be medii este extins\u0103 \u00een benzile de \u00eenalte \u0219i joase, utiliz\u00e2nd 10 multiplicatoare de frecven\u021be<\/li>\n<li>Controlul nivelului de ie\u0219ire ofer\u0103 control variabil al \u00eentregii c\u0103i de semnal<\/li>\n<li>VU-metru cu display mare pentru monitorizarea nivelului de ie\u0219ire \u0219i reduc\u021bie de gain a compresorului<\/li>\n<li>Alimentare selectabil\u0103<\/li>\n<\/ul>\n<p>Specifica\u021bii tehnice:<\/p>\n<ul>\n<li>Num\u0103r canale: 1<\/li>\n<li>Intr\u0103ri:\n<ul>\n<li>1 x XLR pentru microfon (pe spatele unit\u0103\u021bii)<\/li>\n<li>1 x XLR de linie balansat\u0103 (pe spatele unit\u0103\u021bii)<\/li>\n<li>1 x jack 1\/4&#8243; TS de instrument (pe fa\u021ba unit\u0103\u021bii)<\/li>\n<\/ul>\n<\/li>\n<li>Ie\u0219iri: 1 x XLR<\/li>\n<li>R\u0103spuns \u00een frecven\u021b\u0103: 10Hz la 200kHz, -3dB intrare linie la ie\u0219ire linie<\/li>\n<li>Zgomot: EIN: -116dB, 22Hz to 22kHz unweighted<\/li>\n<\/ul>\n<p>Preamplificator:<\/p>\n<ul>\n<li>Gama de gain:\n<ul>\n<li>Mic Pre: 0db la 58db<\/li>\n<li>Instrument: 0dB la 30 dB<\/li>\n<li>Linie: -27dB la 28 dB<\/li>\n<li>Nivel maxim de ie\u0219ire: +30dB<\/li>\n<li>Alimentare Phantom Power: +48V<\/li>\n<\/ul>\n<\/li>\n<\/ul>\n<p>Compressor:<\/p>\n<ul>\n<li>Gama de treshold: -30dB la +20dB<\/li>\n<li>Ratio: 1:1 la 20:1<\/li>\n<li>Timp de atack: 2mSec la 200mSec<\/li>\n<li>Timp de release: 100mSec la 5Sec<\/li>\n<li>Sidechain: EQ intern<\/li>\n<\/ul>\n<p>EQ:<\/p>\n<ul>\n<li>Tipul filtrului: discret de clas\u0103 A, design activ variabil \u0219i selectabil passiv<\/li>\n<li>Benzi de frecven\u021be:\n<ul>\n<li>Frecven\u021be \u00eenalte: selectaile, 10kHz, 15kHz, 20kHz, 32kHz<\/li>\n<li>Frecven\u021be medii-\u00eenalte: variabil 200Hz la 2.8kHz sau 2kHz sau 28kHz (10x switch)<\/li>\n<li>Frecven\u021be medii-joase: Variabil 30Hz la 450Hz sau 300Hz sau 4k5Hz (10x switch)<\/li>\n<li>Frecven\u021be joase: selectaile, 15Hz, 30Hz, 60Hz, 150Hz<\/li>\n<\/ul>\n<\/li>\n<li>L\u0103\u021bime de band\u0103:\n<ul>\n<li>Frecven\u021be \u00eenalte: Shelf<\/li>\n<li>Frecven\u021be medii-\u00eenalte: Hi-Lo Q<\/li>\n<li>Frecven\u021be medii-joase: Hi-Lo Q<\/li>\n<li>Frecven\u021be joase: Shelf<\/li>\n<\/ul>\n<\/li>\n<li>Range (Boost\/Cut)\n<ul>\n<li>Frecven\u021be \u00eenalte: +\/- 20dB<\/li>\n<li>Frecven\u021be medii-\u00eenalte: +\/- 16dB<\/li>\n<li>Frecven\u021be medii-joase: +\/- 16dB<\/li>\n<li>Frecven\u021be joase: +\/- 24dB range<\/li>\n<\/ul>\n<\/li>\n<li>Format: 19&#8243; \/ 2 RU<\/li>\n<li>Greutate: 11.8 kg<\/li>\n<\/ul>\n","protected":false},"excerpt":{"rendered":"<p>Channel Strip Avalon VT-737SP procesor de dinamic\u0103, single-channel, de dip Class-A pe lamp\u0103, ce combin\u0103 un preamplificator de microfon pe lamp\u0103, un DI de instrument, opto-compressor \u0219i un EQ parametric pe 4 benzi.<\/p>\n","protected":false},"featured_media":13319,"comment_status":"open","ping_status":"closed","template":"","meta":[],"product_brand":[],"product_cat":[634],"product_tag":[1532,1534,1535,1533,1536,1540,1538,1539,1537,1531,1541],"class_list":{"0":"post-13352","1":"product","2":"type-product","3":"status-publish","4":"has-post-thumbnail","6":"product_cat-preamplificatoare-microfon-avalon","7":"product_tag-avalon","8":"product_tag-avalon-u5","9":"product_tag-avalon-v55","10":"product_tag-avalon-vt-737sp","11":"product_tag-compresor","12":"product_tag-efect","13":"product_tag-egalizator","14":"product_tag-eq","15":"product_tag-equalizer","16":"product_tag-preamplificator-microfon","17":"product_tag-procesor-dinamica","19":"first","20":"instock","21":"sale","22":"purchasable","23":"product-type-simple"},"jetpack_sharing_enabled":true,"_links":{"self":[{"href":"https:\/\/quintett.ro\/index.php?rest_route=\/wp\/v2\/product\/13352","targetHints":{"allow":["GET"]}}],"collection":[{"href":"https:\/\/quintett.ro\/index.php?rest_route=\/wp\/v2\/product"}],"about":[{"href":"https:\/\/quintett.ro\/index.php?rest_route=\/wp\/v2\/types\/product"}],"replies":[{"embeddable":true,"href":"https:\/\/quintett.ro\/index.php?rest_route=%2Fwp%2Fv2%2Fcomments&post=13352"}],"wp:featuredmedia":[{"embeddable":true,"href":"https:\/\/quintett.ro\/index.php?rest_route=\/wp\/v2\/media\/13319"}],"wp:attachment":[{"href":"https:\/\/quintett.ro\/index.php?rest_route=%2Fwp%2Fv2%2Fmedia&parent=13352"}],"wp:term":[{"taxonomy":"product_brand","embeddable":true,"href":"https:\/\/quintett.ro\/index.php?rest_route=%2Fwp%2Fv2%2Fproduct_brand&post=13352"},{"taxonomy":"product_cat","embeddable":true,"href":"https:\/\/quintett.ro\/index.php?rest_route=%2Fwp%2Fv2%2Fproduct_cat&post=13352"},{"taxonomy":"product_tag","embeddable":true,"href":"https:\/\/quintett.ro\/index.php?rest_route=%2Fwp%2Fv2%2Fproduct_tag&post=13352"}],"curies":[{"name":"wp","href":"https:\/\/api.w.org\/{rel}","templated":true}]}}