{"id":13280,"date":"2025-11-20T14:13:13","date_gmt":"2025-11-20T12:13:13","guid":{"rendered":"https:\/\/quintett.ro\/?post_type=product&#038;p=13280"},"modified":"2026-03-18T09:57:33","modified_gmt":"2026-03-18T07:57:33","slug":"mac-mah-mac-beam-200-set","status":"publish","type":"product","link":"https:\/\/quintett.ro\/?product=mac-mah-mac-beam-200-set","title":{"rendered":"Mac Mah &#8211; Mac Beam 200 Set"},"content":{"rendered":"<p>Caracteristici:<br \/>\nSet de 2 capete mobile Mac Beam 200 \u00een carcas\u0103 de transport<br \/>\nLED alb 200W 9500K<br \/>\n30 LED-uri SMD x 0.2W<br \/>\n14 canale DMX<br \/>\nModuri de func\u021bionare: DMX, activat prin sunet, master\/slave \u0219i automat<br \/>\n1 roat\u0103 cu 13 gobo-uri fixe + gobo deschis<br \/>\n1 roat\u0103 vibrant\u0103 gobo cu 11 culori + alb, semi-culori \u0219i efect curcubeu<br \/>\nPrism\u0103 rotativ\u0103 cu 12+6 fa\u021bete, bidirec\u021bional\u0103, vitez\u0103 variabil\u0103<br \/>\nDimmer motorizat pentru focalizare 0-100%<br \/>\nRota\u021bii strobo: 540\u00b0 x 200\u00b0 PAN\/TILT cu vitez\u0103 reglabil\u0103<br \/>\nUnghi fascicul 2.5\u00b0<br \/>\nAfi\u0219aj LCD<br \/>\nIntrare PowerCON<br \/>\nR\u0103cire cu ventilator for\u021bat, controlat\u0103 la temperatur\u0103<br \/>\nGrad de protec\u021bie: IP20<br \/>\nPozi\u021bionare: Doar pentru utilizare \u00een interior, trebuie fixat pe o suprafa\u021b\u0103 sau structur\u0103<br \/>\nConsum de energie: 250W Alimentare AC: 100-240 VAC \/ 50-60 Hz<br \/>\nDimensiuni: 255 x 185 x 410 mm Greutate: 6 kg<\/p>\n","protected":false},"excerpt":{"rendered":"<p>Setul\u00a0 Mac Beam 200 include dou\u0103 capete mobile Beam 200 cu LED-uri albe de 200W, livrate \u00eentr-o geant\u0103 robust\u0103. Cu gobo-urile, prisma rotativ\u0103 \u0219i unghiul fasciculului de 2,5\u00b0, acest pachet ofer\u0103 putere \u0219i creativitate. O alegere ideal\u0103 pentru profesioni\u0219tii din domeniul evenimentelor \u0219i produc\u021biile scenice.<\/p>\n","protected":false},"featured_media":13298,"comment_status":"open","ping_status":"closed","template":"","meta":[],"product_brand":[],"product_cat":[1503,496],"product_tag":[1415,1530,1460,501,1417,513,1427,190,1459,505,1426,832,196,1416,515,516],"class_list":{"0":"post-13280","1":"product","2":"type-product","3":"status-publish","4":"has-post-thumbnail","6":"product_cat-black-friday","7":"product_cat-msc-lumini-si-scene","8":"product_tag-1915-aura","9":"product_tag-beam-led-200w","10":"product_tag-beam-spot-wash","11":"product_tag-lumini-inteligente","12":"product_tag-lumini-led","13":"product_tag-mac-mah","14":"product_tag-martin","15":"product_tag-moving-head","16":"product_tag-moving-head-150w","17":"product_tag-moving-head-7r","18":"product_tag-moving-head-led","19":"product_tag-robe","20":"product_tag-wash","21":"product_tag-wash-1915","22":"product_tag-wash-19x15","23":"product_tag-wash1915","25":"first","26":"instock","27":"sale","28":"purchasable","29":"product-type-simple"},"jetpack_sharing_enabled":true,"_links":{"self":[{"href":"https:\/\/quintett.ro\/index.php?rest_route=\/wp\/v2\/product\/13280","targetHints":{"allow":["GET"]}}],"collection":[{"href":"https:\/\/quintett.ro\/index.php?rest_route=\/wp\/v2\/product"}],"about":[{"href":"https:\/\/quintett.ro\/index.php?rest_route=\/wp\/v2\/types\/product"}],"replies":[{"embeddable":true,"href":"https:\/\/quintett.ro\/index.php?rest_route=%2Fwp%2Fv2%2Fcomments&post=13280"}],"wp:featuredmedia":[{"embeddable":true,"href":"https:\/\/quintett.ro\/index.php?rest_route=\/wp\/v2\/media\/13298"}],"wp:attachment":[{"href":"https:\/\/quintett.ro\/index.php?rest_route=%2Fwp%2Fv2%2Fmedia&parent=13280"}],"wp:term":[{"taxonomy":"product_brand","embeddable":true,"href":"https:\/\/quintett.ro\/index.php?rest_route=%2Fwp%2Fv2%2Fproduct_brand&post=13280"},{"taxonomy":"product_cat","embeddable":true,"href":"https:\/\/quintett.ro\/index.php?rest_route=%2Fwp%2Fv2%2Fproduct_cat&post=13280"},{"taxonomy":"product_tag","embeddable":true,"href":"https:\/\/quintett.ro\/index.php?rest_route=%2Fwp%2Fv2%2Fproduct_tag&post=13280"}],"curies":[{"name":"wp","href":"https:\/\/api.w.org\/{rel}","templated":true}]}}

<p>Caracteristici:<br />
Set de 2 capete mobile Mac Beam 200 în carcasă de transport<br />
LED alb 200W 9500K<br />
30 LED-uri SMD x 0.2W<br />
14 canale DMX<br />
Moduri de funcționare: DMX, activat prin sunet, master/slave și automat<br />
1 roată cu 13 gobo-uri fixe + gobo deschis<br />
1 roată vibrantă gobo cu 11 culori + alb, semi-culori și efect curcubeu<br />
Prismă rotativă cu 12+6 fațete, bidirecțională, viteză variabilă<br />
Dimmer motorizat pentru focalizare 0-100%<br />
Rotații strobo: 540° x 200° PAN/TILT cu viteză reglabilă<br />
Unghi fascicul 2.5°<br />
Afișaj LCD<br />
Intrare PowerCON<br />
Răcire cu ventilator forțat, controlată la temperatură<br />
Grad de protecție: IP20<br />
Poziționare: Doar pentru utilizare în interior, trebuie fixat pe o suprafață sau structură<br />
Consum de energie: 250W Alimentare AC: 100-240 VAC / 50-60 Hz<br />
Dimensiuni: 255 x 185 x 410 mm Greutate: 6 kg</p>

<p>Setul  Mac Beam 200 include două capete mobile Beam 200 cu LED-uri albe de 200W, livrate într-o geantă robustă. Cu gobo-urile, prisma rotativă și unghiul fasciculului de 2,5°, acest pachet oferă putere și creativitate. O alegere ideală pentru profesioniștii din domeniul evenimentelor și producțiile scenice.</p>
