{"id":12066,"date":"2025-03-11T18:33:10","date_gmt":"2025-03-11T16:33:10","guid":{"rendered":"https:\/\/quintett.ro\/?post_type=product&#038;p=12066"},"modified":"2025-08-21T08:59:55","modified_gmt":"2025-08-21T06:59:55","slug":"flash-led-par-slim-p710-25-f-wdmx","status":"publish","type":"product","link":"https:\/\/quintett.ro\/?product=flash-led-par-slim-p710-25-f-wdmx","title":{"rendered":"Flash LED PAR SLIM P710 25\u00b0 F-WDMX"},"content":{"rendered":"<p>Flash LED PAR SLIM P710 25\u00b0 F-WDMX<\/p>\n<p>Consum de lumina: 70W<br \/>\nConsum de alimentare: 100 &#8211; 245V<br \/>\nFrecven\u021ba tensiunii: 50\/60Hz<br \/>\nSiguran\u021b\u0103: F5AL<br \/>\nTip diod\u0103: 4 \u00een 1<br \/>\nPuterea diodei: 10W<br \/>\nAfi\u015faj: LCD color<br \/>\nNum\u0103rul de diode: 7<br \/>\nCuloare: RGBW<br \/>\nFlux luminos: 5 089 lm<br \/>\nIndicele de redare a culorii (CRI): 87<br \/>\nUnghiul fasciculului (min): 25\u00b0<br \/>\nUnghiul fasciculului (max): 25\u00b0<br \/>\nDimming: Linear: 0 &#8211; 100%<br \/>\nFrecven\u021ba bli\u021bului (min): 1 Hz<br \/>\nFrecven\u021ba bli\u021bului (max.): 20 Hz<br \/>\nNum\u0103rul de canale DMX: 9 moduri DMX diferite (3-8 canale)<br \/>\nStandard DMX: DMX 512<br \/>\nInterfa\u021b\u0103 de control: 4 butoane<br \/>\nModuri de operare: DMX512, manual, automat, controlat prin sunet, master\/slave<br \/>\nTelecomand\u0103 cu infraro\u0219u, control al luminozit\u0103\u021bii pe 16 bi\u021bi, control fluid al luminozit\u0103\u021bii (curba caracteristic\u0103 de control selectabil\u0103), simulare bec (r\u0103spuns \u00eent\u00e2rziat la modificarea luminozit\u0103\u021bii) regenerare semnal DMX.<br \/>\nSistem de control DMX f\u0103r\u0103 fir \u00eencorporat (DMX f\u0103r\u0103 fir)<br \/>\nIntrare\/iesire: DMX 3-pin IN\/OUT<br \/>\nAlimentare: PowerCon IN\/OUT<br \/>\nProtec\u021bie: IP20<br \/>\nCarcasa: ABS<br \/>\nR\u0103cire: activ<br \/>\n\u00cen\u0103l\u021bime [cm]: 27 &#8211; (cu ambalaj 32 cm)<br \/>\nL\u0103\u021bime [cm]: 26 &#8211; (cu ambalaj 30cm)<br \/>\nAd\u00e2ncime [cm]: 11 &#8211; (cu ambalaj 15cm)<br \/>\nGreutate [kg]: 1,3<br \/>\nGreutate cu ambalaj [kg]: 2,6<\/p>\n","protected":false},"excerpt":{"rendered":"<p>Flash LED PAR SLIM P710 25\u00b0 F-WDMX led-par de mare putere ce face parte noua serie profesionala de la Flash. Produsa in Polonia, acesta serie vine cu un design nou si unic, dar in acelasi timp oferind si o calitate foarte buna.<\/p>\n","protected":false},"featured_media":12080,"comment_status":"open","ping_status":"closed","template":"","meta":[],"product_brand":[],"product_cat":[181,42],"product_tag":[197,1386,192,530,1385,190,194,195,196],"class_list":{"0":"post-12066","1":"product","2":"type-product","3":"status-publish","4":"has-post-thumbnail","6":"product_cat-lumina-moving-head-par","7":"product_cat-promotii","8":"product_tag-beam","9":"product_tag-flash-led-par-slim","10":"product_tag-hybrid","11":"product_tag-led-par","12":"product_tag-led-par-7x10","13":"product_tag-moving-head","14":"product_tag-r15","15":"product_tag-spot","16":"product_tag-wash","18":"first","19":"instock","20":"purchasable","21":"product-type-simple"},"jetpack_sharing_enabled":true,"_links":{"self":[{"href":"https:\/\/quintett.ro\/index.php?rest_route=\/wp\/v2\/product\/12066","targetHints":{"allow":["GET"]}}],"collection":[{"href":"https:\/\/quintett.ro\/index.php?rest_route=\/wp\/v2\/product"}],"about":[{"href":"https:\/\/quintett.ro\/index.php?rest_route=\/wp\/v2\/types\/product"}],"replies":[{"embeddable":true,"href":"https:\/\/quintett.ro\/index.php?rest_route=%2Fwp%2Fv2%2Fcomments&post=12066"}],"wp:featuredmedia":[{"embeddable":true,"href":"https:\/\/quintett.ro\/index.php?rest_route=\/wp\/v2\/media\/12080"}],"wp:attachment":[{"href":"https:\/\/quintett.ro\/index.php?rest_route=%2Fwp%2Fv2%2Fmedia&parent=12066"}],"wp:term":[{"taxonomy":"product_brand","embeddable":true,"href":"https:\/\/quintett.ro\/index.php?rest_route=%2Fwp%2Fv2%2Fproduct_brand&post=12066"},{"taxonomy":"product_cat","embeddable":true,"href":"https:\/\/quintett.ro\/index.php?rest_route=%2Fwp%2Fv2%2Fproduct_cat&post=12066"},{"taxonomy":"product_tag","embeddable":true,"href":"https:\/\/quintett.ro\/index.php?rest_route=%2Fwp%2Fv2%2Fproduct_tag&post=12066"}],"curies":[{"name":"wp","href":"https:\/\/api.w.org\/{rel}","templated":true}]}}