{"id":30,"date":"2020-04-04T07:43:21","date_gmt":"2020-04-04T07:43:21","guid":{"rendered":"https:\/\/quintett.ro\/?page_id=30"},"modified":"2021-04-16T16:14:13","modified_gmt":"2021-04-16T14:14:13","slug":"termeni-si-conditii","status":"publish","type":"page","link":"https:\/\/quintett.ro\/?page_id=30","title":{"rendered":"Termeni \u0219i condi\u021bii"},"content":{"rendered":"\n<p><strong>Termeni \u0219i Condi\u021bii<\/strong><\/p>\n\n\n\n<p><br>Magazinul online quintett.ro se angajeaza s\u0103 p\u0103streze confiden\u021bialitatea datelor tale conform Legii nr. 677 din 21 noiembrie 2001 pentru \u201cprotectia persoanelor cu privire la prelucrarea datelor cu caracter personal si libera circulatie a acestor date&#8221; si &#8220;Legea nr. 506 din 17 noiembrie 2004 privind prelucrarea datelor cu caracter personal si protectia vietii private in sectorul comunicatiilor electronice&#8221;\u00a0precum \u0219i comform legii\u00a0EU\u00a02016\/679 (numita si \u201cGDPR\u201d).<br>Datele nu vor fi transmise catre ter\u021be persoane \u0219i nu vor fi folosite \u00een alte scopuri dec\u00e2t cele necesare pentru efectuarea comenzilor si transmiterea diverselor oferte ale magazinului online fly-music.ro. Scopul colectarii datelor este de a confirma comenzile.<br>Conform Legii nr. 677\/2001, beneficiati de dreptul de acces, de interventie asupra datelor, dreptul de a nu fi supus unei decizii individuale si dreptul de a va adresa justitiei. Totodata, aveti dreptul sa va opuneti prelucrarii datelor personale care va privesc si sa solicitati stergerea datelor. Pentru exercitarea acestor drepturi, va puteti adresa cu o cerere scrisa, datata si semnata la S.C. QUINTETT-GROUP S.R.L. sau email andrei@quintett.ro<br>Va rugam sa ne informati daca datele dvs. sunt incorecte sau daca s-au schimbat.<br>Pentru a comanda online trebuie sa aveti domiciliul in Romania \u0219i v\u00e2rsta peste 16 ani.<\/p>\n\n\n\n<h2 class=\"wp-block-heading\">Condi\u021bii de utilizare<\/h2>\n\n\n\n<p><strong>Introducere<\/strong><br>Folosirea, incluzand vizitarea si cumpararea produselor de pe site-ul www.quintett.ro, implica acceptarea termenilor si conditiilor ce vor fi detaliate in paragrafele urmatoare. Termenii si conditiile se vor aplica tuturor vanzarilor de bunuri si servicii de catre SC QUINTETT-GROUP SRL catre cumparator.<\/p>\n\n\n\n<h3 class=\"wp-block-heading\">Continut site si Copyright<\/h3>\n\n\n\n<p>quintett.ro si toate informatiile continute, incluzand texte, imagini, afise, banere, elemente grafice, scripturi sau orice alte date, sunt proprietate a companiei SC QUINTETT-GROUP SRL si a furnizorilor sai fiind aparat de Legea dreptului de autor.<br>quintett.ro face eforturi permanente pentru a pastra acuratetea informatiilor din acest site. Rareori, acestea pot contine inadvertente punctuale. S.C. QUINTETT-GROUP S.R.L. nu poate garanta disponibilitatea in stoc a tuturor produselor.<br>Fotografiile si descrierile au caracter informativ, pot fi schimbate fara aviz in prealabil si pot contine accesoriii neincluse in pachetele standard. Produsele livrate pot fi diferite fata de imaginile prezentate pe site, din cauza modificarilor aduse de producator fara a fi anuntate de acestia.<br>Toate promotiile prezente in site sunt valabile in limita stocului.<br>Preturile afisate includ TVA dar nu includ si cheltuielile de livrare, cu exceptia cazurilor in care se specifica pe site.<\/p>\n\n\n\n<p><strong>Declinarea responsabilitatii<\/strong><br>quintett.ro nu isi asuma responsabilitate si nu va fi responsabila pentru pagube aparute prin folosirea produselor achizitionate prin intermediul acestui site. Quintett.ro nu poate fi facuta responsabila in nici un fel de pagube survenite din neonorarea comenzilor. In cazul nelivrarii sai livrarii necorespunzatoare, valoare maxima a obligatiilor fata de client este valoarea sumei incasate de la clientul respectiv.<br>Eventualele reclamatii in legatura cu integritatea si conformitatea produselor comandate si primite se pot aduce la cunostiinta vanzatorului in termen de 48 de ore de la primirea produsului, altfel nu se mai iau in consideratie.<\/p>\n\n\n\n<p><strong>Frauda<\/strong><br>Orice incercare de a accesa datele personale ale altui utilizator, de a modifica continutul site-ului quintett.ro sau de a afecta performantele serverului pe care ruleaza site-ul quintett.ro, va fi considerata tentativa de fraudare a sistemelor quintett.ro si va pune in miscare cercetarea penala impotriva aceluia sau acelora care a(u) incercat acest fapt.<\/p>\n\n\n\n<p><strong>Utilizarea Cookie-uri<\/strong><\/p>\n\n\n\n<p>Website-ul nostru foloseste cookie-uri si alte tehnologii pentru a primi si stoca informatii atunci cand utilizatorul interactioneaza cu noi de pe un calculator sau dispozitiv mobil. Aceste informatii, care includ, dar nu numai: paginile vizitate, sursa adresei de unde a venit pe website, tipul browser-ului\/dispozitivului folosit, informatii despre cumparaturi, termeni cautare, localizare geografica pe baza adresei IP, publicitate si furnizori publicitate, terte parte cum ar fi Google, Facebook, etc., ne ajuta sa&nbsp;afisam continut relevant utilizatorului&nbsp;si sa imbunatatim experienta acestuia.<\/p>\n\n\n\n<p>Limitarea sau stergerea cookie-urilor de pe acest site pot afecta functionalitatea unor pagini web.<\/p>\n\n\n\n<p>Garan\u021bia produselor<\/p>\n\n\n\n<p>Garan\u021bia produselor noi achizitionate prin magazinul quintett.ro, cu exceptia celor resigilate, conform legii, este&nbsp;<strong>de 3 ani<\/strong>&nbsp;pentru persoanele fizice si 1 an pentru persoanele juridice de la data cumpararii. Produsele sunt noi in ambalaje originale.<br>Nu se acorda garantie pentru produse consumabile: pene, fete de toba, bete de toba, cabluri, mufe, stative, corzi si alte produse asemanatoare.<br>Nu intra sub incidenta garantiei, chiar daca in dreptul produselor se specifica termenul de garantie:<br>Partile mobile ale difuzoarelor<br>Lichidele de orice fel<br>Becurile<br>Fetele de toba<br>Corzile de chitara<br>In general orice tip de consumabil<br>Microfoanele descentrate datorita socurilor (scapare din mana)<br>Cutiile de rezonanta ale instrumentelor, crapate in urma loviturilor<br>Bobine<br>Filtrele celon<br>Cabluri<br>Cinele, corzi, pene<br>Gaturile instrumentelor cu corzi, curbate datorita folosirii unor corzi neadecvate (ex. corzi chitara acustica montate pe chitara clasica)<br>Piesele de schimb pentru diverse echipamente si instrumente!<br><strong>Lipsa documentelor<\/strong><br>Produsele se prezinta in unitatile service insotite de factura fiscala in original si certificatul de garantie. Lipsa acestor documente atrage iesirea din garantie a produselor!<br>Ambalajul original nu este obligatoriu, insa clientul isi asuma posibilele daune rezultate in timpul transportului tur-retur a marfurilor, datorate ambalarii necorespunzatoare..<\/p>\n\n\n\n<p><strong>Defectiunile provocate de calitatea curentului<\/strong><br>In cazul in care se constata ca echipamentele prezentate in service prezinta defectiuni provocate de supra sarcina electrica, acestea se remediaza doar contra cost. Va sfatuim sa folositi prize de calitate cu impamantare si stabilizatoare de tensiune. Nu folositi in acelasi prelungitor mai multe echipamente cu consum mare de energie.<br>Microfoanele arse datorita alimentarii necorespunzatoare cu functia +48 V nu beneficiaza de garantie!<br><strong>Defectiunile provocate de suprasolicitari<\/strong><br>Toate defectiunile provocate de suprasolicitarea echipamentelor se repara contra cost. In aceasta categorie intra boxele, amplificatoarele, mixerele amplificate.<br><strong>Interventia neautorizata<\/strong><br>Incercarea de reparare sau modificare a echipamentelor in unitati neautorizate atrage iesirea din garantie a produselor!<br><strong>Echipamentele utilizate necorespunzator<\/strong><br>Echipamentele utilizate in cluburi, discoteci, etc. care sunt aduse in garantie cu defectiuni provocate de praf sau impuritati nu intra sub incidenta garantiei. In aceasta categorie intra ventilatoarele de racire, partile mobile interne si unitatile optice ale playerelor. De asemenea defectiunile provocate mixerelor si echipamentelor de DJ prin lovirea partilor care produc efecte de suntet. Indiferent de cat de incendiara este petrecerea nu uitati ca echipamentul produce acelasi efect indiferent daca il apasati delicat sau il loviti cu violenta.<br><strong>Limitarea raspunderii pentru livrare<\/strong><br>In cazul in care clientul nu este gasit la adresa mentionata de acesta, in intervalul orar stabilit de comun acord, curierul va reveni inca o data dupa ce va restabili contactul cu clientul. In cazul in care clientul nu este gasit comanda va fi anulata si returnata la sediu, clientul urmand sa suporte costurile unei noi livrari, indiferent de valoarea produselor comandate.<\/p>\n\n\n\n<p><strong>Deschidere la Livrare<\/strong><\/p>\n\n\n\n<p>In cazul comenzilor care con\u021bin&nbsp;acordeoane, chitare, mandoline, ukulele,&nbsp;viori&nbsp;\u0219i alte instrumente cu coarde,&nbsp;precum \u0219i&nbsp;orice alt\u0103 expedi\u021bie care beneficiaz\u0103&nbsp;de serviciul&nbsp;<strong>&#8220;deschidere la livrare&#8221;,<\/strong>&nbsp;clientul are obliga\u021bia de a deschide coletul de fa\u021b\u0103 cu agentul de livrare sub serviciul de asigurare transport \u0219i deschidere la livrare oferit de c\u0103tre&nbsp;S.C. QUINTETT -GROUP SRL.Defec\u021biunile&nbsp;fizice ale&nbsp;<strong>ambalajului \u0219i a con\u021binutului&nbsp;<\/strong>trebuie sa fie sesizate \u0219i reclamate&nbsp;\u00eenainte&nbsp;de a semna de primire, iar&nbsp;\u00een cazul in care produsele sunt lovite sau au defec\u021biuni&nbsp;fizice, se \u00eentocme\u0219te un&nbsp;<strong>proces verbal cu defec\u021biunile&nbsp;constatate, urm\u00e2nd ca produsul sa fie \u00eenlocuit<\/strong>. Reclama\u021biile&nbsp;ulterioare nu vor fi luate in&nbsp;considerare \u00een cazul comenzilor care beneficiaz\u0103 de acest serviciu.<\/p>\n\n\n\n<p>Returnarea produselor<\/p>\n\n\n\n<p>In cazul in care nu sunteti multumit de un produs il puteti returna&nbsp;<strong>in 14 zile<\/strong>&nbsp;suportand costurile de returnare.<br>Produsele trebuie returnare in aceeasi stare in care au fost livrate, in ambalajul original cu toate accesoriile, documentele si etichetele intacte si fara sa prezinte semne de uzura sau deteriorare.<br>Daca produsul returnat prezinta zgarieturi, lipsa accesori, lipsa folie de protectie, detrioare ambalaj original, QUINTETT-GROUP  isi rezerva dreptul de a retine o parte din bani de 20 % din valoarea produsului, pentru a aduce produsul in starea initiala, sau pentru a-l revinde ulterior la un pret mai mic datorita faptului ca acest produs a fost un retur, iar clientul urmator trebuie sa stie ca produsul a fost returnat si resigilat.<br>Expedierea returului se va face prin acelasi agent\/curier prin care a fost livrat produsul.<br>In cazul returnarii produsele livrate gratuit de catre quintett.ro, clientul este obligat sa suporte cheltuielile returnare.Costurile implicate cu returnarea produsele care fac obiectul garantiei sunt suportate de quintett.ro.<br>fly-music.ro isi asuma costul transportului porduselor doar daca produsul a ajuns defect la client, clientul fiind obligat sa anunte defectiune in maxim 48 ore.<br>Nu se admite returnarea produselor desigilate din categoria CD-uri, DVD-uri, Software sau produse similare.<br>Nu se pot returna produse sensibil igienic cump\u0103rate \u00een magazin, cum ar fi: mu\u0219tiucuri, ancii, c\u0103\u0219ti in-ear, fluiera\u0219i, ocarine, naiuri, dopuri de ureche, muzicu\u021be, kazoo, dr\u00e2mbe, triole (melodica), camertoane \u0219i alte produse asem\u0103n\u0103toare. Dac\u0103 aceste produse sunt cump\u0103rate online se pot returna&nbsp;\u0219i dac\u0103 au fost folosite se vor deduce din nota de credit costurile pentru cur\u0103\u021barea, dezinfectarea \u0219i eventual prelucrarea acestora (\u00een caz c\u0103 prezint\u0103 zg\u00e2rieturi, urme vizibile de folosin\u021b\u0103, etc.).<br>Nu se accept\u0103 returnarea pentru produsele care au fost confec\u021bionate\/comandate dup\u0103 specifica\u021biile prezentate de consumator, sau produse pentru care clientul \u0219i-a dat acordul scris ca nu se pot returna.<\/p>\n\n\n\n<p>Unele produse din oferta noastr\u0103 nu beneficiaz\u0103 de politica de retur \u00een 14 zile. \u00cen acest sens, pentru acest tip de produs, clientul va fi contactat telefonic sau \u00een scris despre acest lucru. \u00cen cazul \u00een care clientul accept\u0103 acest lucru, va pl\u0103ti un avans de 50% din contravaloarea produsului \u0219i \u00ee\u0219i va exprima \u00een scris faptul c\u0103 a fost informat de c\u0103tre Quintett-Group  c\u0103 acest produs nu beneficiaz\u0103 de politica de retur \u00een 14 zile. Produsul men\u021bionat \u00een acest paragraf, beneficiaz\u0103 de garan\u021bie conform condi\u021biilor men\u021bionate pe website.<\/p>\n\n\n\n<p>Litigii \u0219i Dispozi\u021bii finale<\/p>\n\n\n\n<p>Litigiile aparute intre client si SC QUINTETT-GROUP SRL se vor rezolva pe cale amiabila, altfel competenta revine instantelor judecatoresti romane.<br>SC QUINTETT-GROUP SRL isi rezerva dreptul de a putea efectua orice modificari ale acestor prevederi, precum si orice modificari asupra site-ului www.quintett.ro, structurii acestuia sau orice alte modificari ce ar putea afecta site-ul, fara a fi necesara vreo notificare prealabila catre utilizatori in acest sens. Termenii si conditiile din acest contract inlocuiesc alte intelegeri anterioare scrise sau verbale si nu pot fi modificate sau schimbate decat prin intelegere scrisa semnata de ambele parti.<br>Daca oricare dintre clauzele de mai sus va fi gasita nula sau nevalida, indiferent de cauza, aceasta clauza nu va afecta valabilitatea celorlalte clauze.<\/p>\n","protected":false},"excerpt":{"rendered":"<p>Termeni \u0219i Condi\u021bii Magazinul online quintett.ro se angajeaza s\u0103 p\u0103streze confiden\u021bialitatea datelor tale conform Legii nr. 677 din 21 noiembrie 2001 pentru \u201cprotectia persoanelor cu privire la prelucrarea datelor cu caracter personal si libera circulatie a acestor date&#8221; si &#8220;Legea nr. 506 din 17 noiembrie 2004 privind prelucrarea datelor cu caracter personal si protectia vietii<\/p>\n<div class=\"more-link\">\n             <a href=\"https:\/\/quintett.ro\/?page_id=30\" class=\"btn btn-theme\">Citi\u021bi mai multe text cu buton<i class=\"fa fa-fw fa-long-arrow-right\"><\/i><\/a>\n        <\/div>\n","protected":false},"author":1,"featured_media":0,"parent":0,"menu_order":0,"comment_status":"closed","ping_status":"closed","template":"","meta":{"footnotes":""},"class_list":["post-30","page","type-page","status-publish","hentry"],"wps_subtitle":"","jetpack_sharing_enabled":true,"_links":{"self":[{"href":"https:\/\/quintett.ro\/index.php?rest_route=\/wp\/v2\/pages\/30","targetHints":{"allow":["GET"]}}],"collection":[{"href":"https:\/\/quintett.ro\/index.php?rest_route=\/wp\/v2\/pages"}],"about":[{"href":"https:\/\/quintett.ro\/index.php?rest_route=\/wp\/v2\/types\/page"}],"author":[{"embeddable":true,"href":"https:\/\/quintett.ro\/index.php?rest_route=\/wp\/v2\/users\/1"}],"replies":[{"embeddable":true,"href":"https:\/\/quintett.ro\/index.php?rest_route=%2Fwp%2Fv2%2Fcomments&post=30"}],"version-history":[{"count":3,"href":"https:\/\/quintett.ro\/index.php?rest_route=\/wp\/v2\/pages\/30\/revisions"}],"predecessor-version":[{"id":6636,"href":"https:\/\/quintett.ro\/index.php?rest_route=\/wp\/v2\/pages\/30\/revisions\/6636"}],"wp:attachment":[{"href":"https:\/\/quintett.ro\/index.php?rest_route=%2Fwp%2Fv2%2Fmedia&parent=30"}],"curies":[{"name":"wp","href":"https:\/\/api.w.org\/{rel}","templated":true}]}}